Last updated on 2025-01-19 05:49:10 CET.
Flavor | Version | Tinstall | Tcheck | Ttotal | Status | Flags |
---|---|---|---|---|---|---|
r-devel-linux-x86_64-debian-clang | 1.0.6 | 28.51 | 296.83 | 325.34 | OK | |
r-devel-linux-x86_64-debian-gcc | 1.0.6 | 19.79 | 185.38 | 205.17 | OK | |
r-devel-linux-x86_64-fedora-clang | 1.0.6 | 524.57 | OK | |||
r-devel-linux-x86_64-fedora-gcc | 1.0.6 | 504.94 | NOTE | |||
r-devel-windows-x86_64 | 1.0.6 | 25.00 | 268.00 | 293.00 | OK | |
r-patched-linux-x86_64 | 1.0.6 | 27.04 | 275.55 | 302.59 | OK | |
r-release-linux-x86_64 | 1.0.6 | 26.62 | 276.61 | 303.23 | OK | |
r-release-macos-arm64 | 1.0.6 | 149.00 | OK | |||
r-release-macos-x86_64 | 1.0.6 | 386.00 | OK | |||
r-release-windows-x86_64 | 1.0.6 | 27.00 | 271.00 | 298.00 | OK | |
r-oldrel-macos-arm64 | 1.0.6 | 161.00 | OK | |||
r-oldrel-macos-x86_64 | 1.0.6 | 401.00 | OK | |||
r-oldrel-windows-x86_64 | 1.0.6 | 32.00 | 342.00 | 374.00 | OK |
Version: 1.0.6
Check: for detritus in the temp directory
Result: NOTE
Found the following files/directories:
‘Crashpad’
Flavor: r-devel-linux-x86_64-fedora-gcc