Last updated on 2025-01-19 05:49:10 CET.
Flavor | Version | Tinstall | Tcheck | Ttotal | Status | Flags |
---|---|---|---|---|---|---|
r-devel-linux-x86_64-debian-clang | 1.3 | 7.60 | 52.31 | 59.91 | NOTE | |
r-devel-linux-x86_64-debian-gcc | 1.3 | 4.83 | 36.47 | 41.30 | NOTE | |
r-devel-linux-x86_64-fedora-clang | 1.3 | 97.23 | OK | |||
r-devel-linux-x86_64-fedora-gcc | 1.3 | 86.65 | OK | |||
r-devel-windows-x86_64 | 1.3 | 8.00 | 69.00 | 77.00 | NOTE | |
r-patched-linux-x86_64 | 1.3 | 16.78 | 48.04 | 64.82 | OK | |
r-release-linux-x86_64 | 1.3 | 6.65 | 48.19 | 54.84 | OK | |
r-release-macos-arm64 | 1.3 | 29.00 | OK | |||
r-release-macos-x86_64 | 1.3 | 43.00 | OK | |||
r-release-windows-x86_64 | 1.3 | 8.00 | 68.00 | 76.00 | OK | |
r-oldrel-macos-arm64 | 1.3 | 33.00 | OK | |||
r-oldrel-macos-x86_64 | 1.3 | 49.00 | OK | |||
r-oldrel-windows-x86_64 | 1.3 | 11.00 | 85.00 | 96.00 | OK |
Version: 1.3
Check: Rd cross-references
Result: NOTE
Found the following Rd file(s) with Rd \link{} targets missing package
anchors:
excel_export.Rd: read_excel
Please provide package anchors for all Rd \link{} targets not in the
package itself and the base packages.
Flavors: r-devel-linux-x86_64-debian-clang, r-devel-linux-x86_64-debian-gcc, r-devel-windows-x86_64