CRAN Package Check Results for Package IncDTW

Last updated on 2020-06-03 12:49:10 CEST.

Flavor Version Tinstall Tcheck Ttotal Status Flags
r-devel-linux-x86_64-debian-clang 1.1.3.1 115.18 78.26 193.44 NOTE
r-devel-linux-x86_64-debian-gcc 1.1.3.1 88.55 58.65 147.20 NOTE
r-devel-linux-x86_64-fedora-clang 1.1.3.1 278.01 NOTE
r-devel-linux-x86_64-fedora-gcc 1.1.3.1 252.25 NOTE
r-devel-windows-ix86+x86_64 1.1.3.1 309.00 134.00 443.00 NOTE
r-patched-linux-x86_64 1.1.3.1 97.85 76.89 174.74 NOTE
r-patched-solaris-x86 1.1.3.1 252.20 NOTE
r-release-linux-x86_64 1.1.3.1 99.90 77.28 177.18 NOTE
r-release-osx-x86_64 1.1.3.1 ERROR
r-release-windows-ix86+x86_64 1.1.3.1 222.00 132.00 354.00 NOTE
r-oldrel-osx-x86_64 1.1.3.1 NOTE
r-oldrel-windows-ix86+x86_64 1.1.3.1 218.00 133.00 351.00 NOTE

Check Details

Version: 1.1.3.1
Check: for GNU extensions in Makefiles
Result: NOTE
    GNU make is a SystemRequirements.
Flavors: r-devel-linux-x86_64-debian-clang, r-devel-linux-x86_64-debian-gcc, r-devel-linux-x86_64-fedora-clang, r-devel-linux-x86_64-fedora-gcc, r-devel-windows-ix86+x86_64, r-patched-linux-x86_64, r-patched-solaris-x86, r-release-linux-x86_64, r-release-osx-x86_64, r-release-windows-ix86+x86_64, r-oldrel-osx-x86_64, r-oldrel-windows-ix86+x86_64

Version: 1.1.3.1
Check: installed package size
Result: NOTE
     installed size is 7.5Mb
     sub-directories of 1Mb or more:
     libs 5.7Mb
Flavors: r-devel-linux-x86_64-fedora-clang, r-release-osx-x86_64, r-oldrel-osx-x86_64

Version: 1.1.3.1
Check: tests
Result: ERROR
     Running ‘testthat.R’ [3s/5s]
    Running the tests in ‘tests/testthat.R’ failed.
    Last 13 lines of output:
    
     >
     > test_check("IncDTW")
     ── 1. Failure: Double Incremental Matrix EQUAL Scratch (@test_dtw.R#308) ──────
     result0$dm not equal to result2$dm.
     1/132 mismatches
     [27] 3 - 2 == 1
    
     [1] 13265
     ══ testthat results ═══════════════════════════════════════════════════════════
     [ OK: 168 | SKIPPED: 14 | WARNINGS: 0 | FAILED: 1 ]
     1. Failure: Double Incremental Matrix EQUAL Scratch (@test_dtw.R#308)
    
     Error: testthat unit tests failed
     Execution halted
Flavor: r-release-osx-x86_64