CRAN Package Check Results for Package IncDTW

Last updated on 2019-10-19 12:47:36 CEST.

Flavor Version Tinstall Tcheck Ttotal Status Flags
r-devel-linux-x86_64-debian-clang 1.1.2 108.29 86.37 194.66 NOTE
r-devel-linux-x86_64-debian-gcc 1.1.2 82.22 63.57 145.79 NOTE
r-devel-linux-x86_64-fedora-clang 1.1.2 268.64 NOTE
r-devel-linux-x86_64-fedora-gcc 1.1.2 265.65 NOTE
r-devel-windows-ix86+x86_64 1.1.2 206.00 120.00 326.00 NOTE
r-patched-linux-x86_64 1.1.2 83.64 81.91 165.55 NOTE
r-patched-solaris-x86 1.1.2 239.80 NOTE
r-release-linux-x86_64 1.1.2 87.53 82.76 170.29 NOTE
r-release-windows-ix86+x86_64 1.1.2 188.00 120.00 308.00 NOTE
r-release-osx-x86_64 1.1.2 NOTE
r-oldrel-windows-ix86+x86_64 1.1.2 188.00 115.00 303.00 NOTE
r-oldrel-osx-x86_64 1.1.2 NOTE

Check Details

Version: 1.1.2
Check: for GNU extensions in Makefiles
Result: NOTE
    GNU make is a SystemRequirements.
Flavors: r-devel-linux-x86_64-debian-clang, r-devel-linux-x86_64-debian-gcc, r-devel-linux-x86_64-fedora-clang, r-devel-linux-x86_64-fedora-gcc, r-devel-windows-ix86+x86_64, r-patched-linux-x86_64, r-patched-solaris-x86, r-release-linux-x86_64, r-release-windows-ix86+x86_64, r-release-osx-x86_64, r-oldrel-windows-ix86+x86_64, r-oldrel-osx-x86_64

Version: 1.1.2
Check: installed package size
Result: NOTE
     installed size is 7.5Mb
     sub-directories of 1Mb or more:
     doc 1.9Mb
     libs 4.8Mb
Flavors: r-devel-linux-x86_64-fedora-clang, r-release-osx-x86_64, r-oldrel-osx-x86_64