Last updated on 2025-01-19 05:49:10 CET.
Flavor | Version | Tinstall | Tcheck | Ttotal | Status | Flags |
---|---|---|---|---|---|---|
r-devel-linux-x86_64-debian-clang | 0.1-3 | 19.50 | 134.77 | 154.27 | NOTE | |
r-devel-linux-x86_64-debian-gcc | 0.1-3 | 11.87 | 89.63 | 101.50 | NOTE | |
r-devel-linux-x86_64-fedora-clang | 0.1-3 | 252.41 | NOTE | |||
r-devel-linux-x86_64-fedora-gcc | 0.1-3 | 228.64 | NOTE | |||
r-devel-windows-x86_64 | 0.1-3 | 16.00 | 122.00 | 138.00 | NOTE | |
r-patched-linux-x86_64 | 0.1-3 | 16.51 | 124.74 | 141.25 | NOTE | |
r-release-linux-x86_64 | 0.1-3 | 16.15 | 122.33 | 138.48 | NOTE | |
r-release-macos-arm64 | 0.1-3 | 57.00 | NOTE | |||
r-release-macos-x86_64 | 0.1-3 | 94.00 | NOTE | |||
r-release-windows-x86_64 | 0.1-3 | 16.00 | 119.00 | 135.00 | NOTE | |
r-oldrel-macos-arm64 | 0.1-3 | 63.00 | OK | |||
r-oldrel-macos-x86_64 | 0.1-3 | 107.00 | OK | |||
r-oldrel-windows-x86_64 | 0.1-3 | 20.00 | 153.00 | 173.00 | OK |
Version: 0.1-3
Check: Rd files
Result: NOTE
checkRd: (-1) IndexComp.Rd:69: Lost braces in \itemize; \value handles \item{}{} directly
checkRd: (-1) IndexComp.Rd:70: Lost braces in \itemize; \value handles \item{}{} directly
checkRd: (-1) IndexComp.Rd:71: Lost braces in \itemize; \value handles \item{}{} directly
checkRd: (-1) IndexComp.Rd:72: Lost braces in \itemize; \value handles \item{}{} directly
checkRd: (-1) IndexComp.Rd:73: Lost braces in \itemize; \value handles \item{}{} directly
checkRd: (-1) IndexComp.Rd:74: Lost braces in \itemize; \value handles \item{}{} directly
checkRd: (-1) IndexComp.Rd:78: Lost braces in \itemize; \value handles \item{}{} directly
checkRd: (-1) IndexComp.Rd:79: Lost braces in \itemize; \value handles \item{}{} directly
checkRd: (-1) IndexComp.Rd:80: Lost braces in \itemize; \value handles \item{}{} directly
checkRd: (-1) IndexComp.Rd:81: Lost braces in \itemize; \value handles \item{}{} directly
Flavors: r-devel-linux-x86_64-debian-clang, r-devel-linux-x86_64-debian-gcc, r-devel-linux-x86_64-fedora-clang, r-devel-linux-x86_64-fedora-gcc, r-devel-windows-x86_64, r-patched-linux-x86_64, r-release-linux-x86_64, r-release-macos-arm64, r-release-macos-x86_64, r-release-windows-x86_64