Last updated on 2024-04-21 12:53:59 CEST.
Flavor | Version | Tinstall | Tcheck | Ttotal | Status | Flags |
---|---|---|---|---|---|---|
r-devel-linux-x86_64-debian-clang | 0.1.0 | 2.15 | 29.03 | 31.18 | NOTE | |
r-devel-linux-x86_64-debian-gcc | 0.1.0 | 1.95 | 22.16 | 24.11 | OK | |
r-devel-linux-x86_64-fedora-clang | 0.1.0 | 39.13 | NOTE | |||
r-devel-linux-x86_64-fedora-gcc | 0.1.0 | 37.86 | NOTE | |||
r-prerel-macos-arm64 | 0.1.0 | 16.00 | OK | |||
r-prerel-windows-x86_64 | 0.1.0 | 3.00 | 47.00 | 50.00 | OK | |
r-patched-linux-x86_64 | 0.1.0 | 2.35 | 28.36 | 30.71 | OK | |
r-release-linux-x86_64 | 0.1.0 | 2.33 | 28.34 | 30.67 | OK | |
r-release-macos-arm64 | 0.1.0 | 17.00 | OK | |||
r-release-macos-x86_64 | 0.1.0 | 27.00 | OK | |||
r-release-windows-x86_64 | 0.1.0 | 3.00 | 49.00 | 52.00 | OK | |
r-oldrel-macos-arm64 | 0.1.0 | 20.00 | OK | |||
r-oldrel-windows-x86_64 | 0.1.0 | 4.00 | 51.00 | 55.00 | OK |
Version: 0.1.0
Check: dependencies in R code
Result: NOTE
Fortran STOP
IEEE arithmetic exceptions signaled: INEXACT
Flavor: r-devel-linux-x86_64-debian-clang
Version: 0.1.0
Check: data for non-ASCII characters
Result: NOTE
Note: found 151 marked UTF-8 strings
Flavors: r-devel-linux-x86_64-fedora-clang, r-devel-linux-x86_64-fedora-gcc