CRAN Package Check Results for Package IntClust

Last updated on 2020-07-12 12:47:34 CEST.

Flavor Version Tinstall Tcheck Ttotal Status Flags
r-devel-linux-x86_64-debian-clang 0.1.0 25.88 204.85 230.73 OK
r-devel-linux-x86_64-debian-gcc 0.1.0 20.21 154.27 174.48 OK
r-devel-linux-x86_64-fedora-clang 0.1.0 286.73 NOTE
r-devel-linux-x86_64-fedora-gcc 0.1.0 273.62 OK
r-devel-windows-ix86+x86_64 0.1.0 53.00 233.00 286.00 OK
r-patched-linux-x86_64 0.1.0 18.41 201.36 219.77 OK
r-patched-solaris-x86 0.1.0 385.30 OK
r-release-linux-x86_64 0.1.0 26.43 200.43 226.86 OK
r-release-macos-x86_64 0.1.0 NOTE
r-release-windows-ix86+x86_64 0.1.0 75.00 293.00 368.00 OK
r-oldrel-macos-x86_64 0.1.0 NOTE
r-oldrel-windows-ix86+x86_64 0.1.0 45.00 215.00 260.00 OK

Check Details

Version: 0.1.0
Check: package dependencies
Result: NOTE
    Imports includes 21 non-default packages.
    Importing from so many packages makes the package vulnerable to any of
    them becoming unavailable. Move as many as possible to Suggests and
    use conditionally.
Flavor: r-devel-linux-x86_64-fedora-clang

Version: 0.1.0
Check: package dependencies
Result: NOTE
    Packages suggested but not available for checking:
     'MLP', 'org.Hs.eg.db', 'a4Base'
Flavors: r-release-macos-x86_64, r-oldrel-macos-x86_64