Last updated on 2024-04-17 13:57:31 CEST.
Flavor | Version | Tinstall | Tcheck | Ttotal | Status | Flags |
---|---|---|---|---|---|---|
r-devel-linux-x86_64-debian-clang | 2.1.3 | 40.34 | 30.45 | 70.79 | NOTE | |
r-devel-linux-x86_64-debian-gcc | 2.1.3 | 30.49 | 23.25 | 53.74 | NOTE | |
r-devel-linux-x86_64-fedora-clang | 2.1.3 | 109.86 | NOTE | |||
r-devel-linux-x86_64-fedora-gcc | 2.1.3 | 93.72 | NOTE | |||
r-prerel-macos-arm64 | 2.1.3 | 25.00 | NOTE | |||
r-prerel-windows-x86_64 | 2.1.3 | 35.00 | 62.00 | 97.00 | NOTE | |
r-patched-linux-x86_64 | 2.1.3 | 37.98 | 28.49 | 66.47 | NOTE | |
r-release-linux-x86_64 | 2.1.3 | 39.11 | 28.61 | 67.72 | NOTE | |
r-release-macos-arm64 | 2.1.3 | 29.00 | NOTE | |||
r-release-macos-x86_64 | 2.1.3 | 45.00 | NOTE | |||
r-release-windows-x86_64 | 2.1.3 | 35.00 | 73.00 | 108.00 | NOTE | |
r-oldrel-macos-arm64 | 2.1.3 | 29.00 | OK | |||
r-oldrel-windows-x86_64 | 2.1.3 | 45.00 | 71.00 | 116.00 | OK |
Version: 2.1.3
Check: C++ specification
Result: NOTE
Specified C++14: please drop specification unless essential
Flavors: r-devel-linux-x86_64-debian-clang, r-devel-linux-x86_64-debian-gcc, r-devel-linux-x86_64-fedora-clang, r-devel-linux-x86_64-fedora-gcc, r-prerel-macos-arm64, r-prerel-windows-x86_64, r-patched-linux-x86_64, r-release-linux-x86_64, r-release-macos-arm64, r-release-macos-x86_64, r-release-windows-x86_64