CRAN Package Check Results for Package IsoSpecR

Last updated on 2025-01-19 05:49:11 CET.

Flavor Version Tinstall Tcheck Ttotal Status Flags
r-devel-linux-x86_64-debian-clang 2.1.3 23.65 24.17 47.82 NOTE
r-devel-linux-x86_64-debian-gcc 2.1.3 16.93 19.17 36.10 NOTE
r-devel-linux-x86_64-fedora-clang 2.1.3 99.25 NOTE
r-devel-linux-x86_64-fedora-gcc 2.1.3 87.57 NOTE
r-devel-windows-x86_64 2.1.3 34.00 62.00 96.00 NOTE
r-patched-linux-x86_64 2.1.3 24.02 22.97 46.99 NOTE
r-release-linux-x86_64 2.1.3 22.66 23.21 45.87 NOTE
r-release-macos-arm64 2.1.3 25.00 NOTE
r-release-macos-x86_64 2.1.3 31.00 NOTE
r-release-windows-x86_64 2.1.3 35.00 64.00 99.00 NOTE
r-oldrel-macos-arm64 2.1.3 29.00 NOTE
r-oldrel-macos-x86_64 2.1.3 45.00 NOTE
r-oldrel-windows-x86_64 2.1.3 39.00 71.00 110.00 NOTE

Check Details

Version: 2.1.3
Check: C++ specification
Result: NOTE Specified C++14: please drop specification unless essential Flavors: r-devel-linux-x86_64-debian-clang, r-devel-linux-x86_64-debian-gcc, r-devel-linux-x86_64-fedora-clang, r-devel-linux-x86_64-fedora-gcc, r-devel-windows-x86_64, r-patched-linux-x86_64, r-release-linux-x86_64, r-release-macos-arm64, r-release-macos-x86_64, r-release-windows-x86_64, r-oldrel-macos-arm64, r-oldrel-macos-x86_64, r-oldrel-windows-x86_64