Last updated on 2025-01-19 05:49:11 CET.
Flavor | Version | Tinstall | Tcheck | Ttotal | Status | Flags |
---|---|---|---|---|---|---|
r-devel-linux-x86_64-debian-clang | 0.5.4 | 3.84 | 32.21 | 36.05 | NOTE | |
r-devel-linux-x86_64-debian-gcc | 0.5.4 | 2.71 | 24.66 | 27.37 | NOTE | |
r-devel-linux-x86_64-fedora-clang | 0.5.4 | 58.96 | OK | |||
r-devel-linux-x86_64-fedora-gcc | 0.5.4 | 68.19 | OK | |||
r-devel-windows-x86_64 | 0.5.4 | 5.00 | 68.00 | 73.00 | OK | |
r-patched-linux-x86_64 | 0.5.4 | 3.88 | 30.68 | 34.56 | NOTE | |
r-release-linux-x86_64 | 0.5.4 | 3.93 | 30.89 | 34.82 | NOTE | |
r-release-macos-arm64 | 0.5.4 | 29.00 | OK | |||
r-release-macos-x86_64 | 0.5.4 | 41.00 | OK | |||
r-release-windows-x86_64 | 0.5.4 | 4.00 | 67.00 | 71.00 | OK | |
r-oldrel-macos-arm64 | 0.5.4 | 27.00 | OK | |||
r-oldrel-macos-x86_64 | 0.5.4 | 42.00 | OK | |||
r-oldrel-windows-x86_64 | 0.5.4 | 4.00 | 69.00 | 73.00 | OK |
Version: 0.5.4
Check: Rd contents
Result: NOTE
Auto-generated content requiring editing in Rd file 'IsoWrapper.Rd':
\keyword: ‘~kwd1’
\keyword: ‘~kwd2’
Auto-generated content requiring editing in Rd file 'curves.plot.Rd':
\keyword: ‘~kwd1’
\keyword: ‘~kwd2’
Flavors: r-devel-linux-x86_64-debian-clang, r-devel-linux-x86_64-debian-gcc, r-patched-linux-x86_64, r-release-linux-x86_64