CRAN Package Check Results for Package ItemResponseTrees

Last updated on 2020-10-28 11:49:48 CET.

Flavor Version Tinstall Tcheck Ttotal Status Flags
r-devel-linux-x86_64-debian-clang 0.2.5 6.85 165.66 172.51 WARN
r-devel-linux-x86_64-debian-gcc 0.2.5 4.57 120.79 125.36 WARN
r-devel-linux-x86_64-fedora-clang 0.2.5 220.11 WARN
r-devel-linux-x86_64-fedora-gcc 0.2.5 213.46 WARN
r-devel-windows-ix86+x86_64 0.2.5 12.00 222.00 234.00 WARN
r-patched-linux-x86_64 0.2.5 WARN
r-patched-solaris-x86 0.2.5 322.50 WARN
r-release-linux-x86_64 0.2.5 6.58 157.42 164.00 WARN
r-release-macos-x86_64 0.2.5 OK
r-release-windows-ix86+x86_64 0.2.5 9.00 176.00 185.00 WARN
r-oldrel-macos-x86_64 0.2.5 OK
r-oldrel-windows-ix86+x86_64 0.2.5 10.00 0.00 10.00 FAIL

Check Details

Version: 0.2.5
Check: Rd cross-references
Result: WARN
    Missing link or links in documentation object 'fit.irtree_model.Rd':
     '[MplusAutomation:MplusAutomation-package]{MplusAutomation}'
    
    See section 'Cross-references' in the 'Writing R Extensions' manual.
Flavors: r-devel-linux-x86_64-debian-clang, r-devel-linux-x86_64-debian-gcc, r-devel-linux-x86_64-fedora-clang, r-devel-linux-x86_64-fedora-gcc, r-devel-windows-ix86+x86_64, r-patched-linux-x86_64, r-patched-solaris-x86, r-release-linux-x86_64, r-release-windows-ix86+x86_64, r-oldrel-windows-ix86+x86_64

Version: 0.2.5
Check: tests
Result: FAIL
    Check process probably crashed or hung up for 20 minutes ... killed
    Most likely this happened in the example checks (?),
    if not, ignore the following last lines of example output:
     <int> <dbl> <int> <dbl> <int> <dbl> <dbl>
     1 5 5 4 1 5 1.37 0.900
     2 4 4 5 3 4 0.951 0.711
     3 3 2 4 5 1 -0.556 0.737
     4 5 1 4 5 3 0.567 0.796
     5 3 3 4 3 3 -0.261 0.647
     6 4 4 2 4 5 0.712 0.770
     7 4 3 5 4 4 0.952 0.689
     8 4 3 4 4 4 0.547 0.671
     9 4 3 5 4 4 0.952 0.689
    10 5 3 5 4 4 1.32 0.729
    # ... with 224 more rows
    >
    >
    >
    > ### * <FOOTER>
    > ###
    > cleanEx()
    > options(digits = 7L)
    > base::cat("Time elapsed: ", proc.time() - base::get("ptime", pos = 'CheckExEnv'),"\n")
    Time elapsed: 15.31 0.4 15.99 NA NA
    > grDevices::dev.off()
    null device
     1
    > ###
    > ### Local variables: ***
    > ### mode: outline-minor ***
    > ### outline-regexp: "\\(> \\)?### [*]+" ***
    > ### End: ***
    > quit('no')
    ======== End of example output (where/before crash/hang up occured ?) ========
Flavor: r-oldrel-windows-ix86+x86_64