Last updated on 2025-01-19 05:49:11 CET.
Flavor | Version | Tinstall | Tcheck | Ttotal | Status | Flags |
---|---|---|---|---|---|---|
r-devel-linux-x86_64-debian-clang | 0.10.2 | 3.68 | 37.94 | 41.62 | OK | |
r-devel-linux-x86_64-debian-gcc | 0.10.2 | 2.63 | 29.18 | 31.81 | OK | |
r-devel-linux-x86_64-fedora-clang | 0.10.2 | 67.83 | NOTE | |||
r-devel-linux-x86_64-fedora-gcc | 0.10.2 | 77.64 | NOTE | |||
r-devel-windows-x86_64 | 0.10.2 | 6.00 | 62.00 | 68.00 | OK | |
r-patched-linux-x86_64 | 0.10.2 | 3.38 | 35.98 | 39.36 | OK | |
r-release-linux-x86_64 | 0.10.2 | 3.61 | 36.18 | 39.79 | OK | |
r-release-macos-arm64 | 0.10.2 | 31.00 | NOTE | |||
r-release-macos-x86_64 | 0.10.2 | 61.00 | NOTE | |||
r-release-windows-x86_64 | 0.10.2 | 6.00 | 63.00 | 69.00 | NOTE | |
r-oldrel-macos-arm64 | 0.10.2 | 49.00 | NOTE | |||
r-oldrel-macos-x86_64 | 0.10.2 | 64.00 | NOTE | |||
r-oldrel-windows-x86_64 | 0.10.2 | 6.00 | 65.00 | 71.00 | NOTE |
Version: 0.10.2
Check: dependencies in R code
Result: NOTE
Namespace in Imports field not imported from: ‘ids’
All declared Imports should be used.
Flavors: r-devel-linux-x86_64-fedora-clang, r-devel-linux-x86_64-fedora-gcc
Version: 0.10.2
Check: installed package size
Result: NOTE
installed size is 6.1Mb
sub-directories of 1Mb or more:
htmlwidgets 5.7Mb
Flavors: r-release-macos-arm64, r-release-macos-x86_64, r-release-windows-x86_64, r-oldrel-macos-arm64, r-oldrel-macos-x86_64, r-oldrel-windows-x86_64