Last updated on 2024-04-28 12:54:36 CEST.
Flavor | Version | Tinstall | Tcheck | Ttotal | Status | Flags |
---|---|---|---|---|---|---|
r-devel-linux-x86_64-debian-clang | 0.10.2 | 4.15 | 48.23 | 52.38 | OK | |
r-devel-linux-x86_64-debian-gcc | 0.10.2 | 3.19 | 36.85 | 40.04 | OK | |
r-devel-linux-x86_64-fedora-clang | 0.10.2 | 66.04 | NOTE | |||
r-devel-linux-x86_64-fedora-gcc | 0.10.2 | 76.31 | NOTE | |||
r-devel-windows-x86_64 | 0.10.2 | 6.00 | 62.00 | 68.00 | NOTE | |
r-patched-linux-x86_64 | 0.10.2 | 3.23 | 45.86 | 49.09 | OK | |
r-release-linux-x86_64 | 0.10.2 | 3.31 | 44.36 | 47.67 | OK | |
r-release-macos-arm64 | 0.10.2 | 31.00 | NOTE | |||
r-release-windows-x86_64 | 0.10.2 | 6.00 | 61.00 | 67.00 | NOTE | |
r-oldrel-macos-arm64 | 0.10.2 | 49.00 | NOTE | |||
r-oldrel-macos-x86_64 | 0.10.2 | 64.00 | NOTE | |||
r-oldrel-windows-x86_64 | 0.10.2 | 6.00 | 63.00 | 69.00 | NOTE |
Version: 0.10.2
Check: installed package size
Result: NOTE
installed size is 6.2Mb
sub-directories of 1Mb or more:
htmlwidgets 5.7Mb
Flavors: r-devel-linux-x86_64-fedora-clang, r-devel-windows-x86_64, r-release-macos-arm64, r-release-windows-x86_64, r-oldrel-macos-arm64, r-oldrel-macos-x86_64, r-oldrel-windows-x86_64
Version: 0.10.2
Check: dependencies in R code
Result: NOTE
Namespace in Imports field not imported from: ‘ids’
All declared Imports should be used.
Flavors: r-devel-linux-x86_64-fedora-clang, r-devel-linux-x86_64-fedora-gcc