CRAN Package Check Results for Package JFE

Last updated on 2019-10-14 12:47:58 CEST.

Flavor Version Tinstall Tcheck Ttotal Status Flags
r-devel-linux-x86_64-debian-clang 2.1.3 15.36 114.07 129.43 OK
r-devel-linux-x86_64-debian-gcc 2.1.3 12.45 89.67 102.12 OK
r-devel-linux-x86_64-fedora-clang 2.1.3 157.48 NOTE
r-devel-linux-x86_64-fedora-gcc 2.1.3 157.72 NOTE
r-devel-windows-ix86+x86_64 2.1.3 34.00 193.00 227.00 OK
r-patched-linux-x86_64 2.1.3 15.10 113.69 128.79 OK
r-patched-solaris-x86 2.1.3 233.90 NOTE
r-release-linux-x86_64 2.1.3 15.36 114.27 129.63 OK
r-release-windows-ix86+x86_64 2.1.3 48.00 133.00 181.00 OK
r-release-osx-x86_64 2.1.3 ERROR
r-oldrel-windows-ix86+x86_64 2.1.3 22.00 132.00 154.00 OK
r-oldrel-osx-x86_64 2.1.3 ERROR

Check Details

Version: 2.1.3
Check: dependencies in R code
Result: NOTE
    Namespaces in Imports field not imported from:
     ‘BurStFin’ ‘MASS’ ‘fAssets’ ‘timeDate’
     All declared Imports should be used.
Flavors: r-devel-linux-x86_64-fedora-clang, r-devel-linux-x86_64-fedora-gcc, r-patched-solaris-x86

Version: 2.1.3
Check: whether package can be installed
Result: ERROR
    Installation failed.
Flavors: r-release-osx-x86_64, r-oldrel-osx-x86_64