CRAN Package Check Results for Package JFE

Last updated on 2020-02-28 12:47:28 CET.

Flavor Version Tinstall Tcheck Ttotal Status Flags
r-devel-linux-x86_64-debian-clang 2.1.3 18.27 128.47 146.74 OK
r-devel-linux-x86_64-debian-gcc 2.1.3 14.30 99.84 114.14 OK
r-devel-linux-x86_64-fedora-clang 2.1.3 186.28 NOTE
r-devel-linux-x86_64-fedora-gcc 2.1.3 175.48 NOTE
r-devel-windows-ix86+x86_64 2.1.3 40.00 139.00 179.00 OK
r-devel-windows-ix86+x86_64-gcc8 2.1.3 41.00 144.00 185.00 OK
r-patched-linux-x86_64 2.1.3 14.11 113.23 127.34 OK
r-patched-solaris-x86 2.1.3 245.80 NOTE
r-release-linux-x86_64 2.1.3 15.01 113.87 128.88 OK
r-release-windows-ix86+x86_64 2.1.3 29.00 201.00 230.00 OK
r-release-osx-x86_64 2.1.3 ERROR
r-oldrel-windows-ix86+x86_64 2.1.3 21.00 131.00 152.00 OK
r-oldrel-osx-x86_64 2.1.3 ERROR

Check Details

Version: 2.1.3
Check: dependencies in R code
Result: NOTE
    Namespaces in Imports field not imported from:
     ‘BurStFin’ ‘MASS’ ‘fAssets’ ‘timeDate’
     All declared Imports should be used.
Flavors: r-devel-linux-x86_64-fedora-clang, r-devel-linux-x86_64-fedora-gcc, r-patched-solaris-x86

Version: 2.1.3
Check: whether package can be installed
Result: ERROR
    Installation failed.
Flavors: r-release-osx-x86_64, r-oldrel-osx-x86_64