Last updated on 2025-01-19 05:49:11 CET.
Flavor | Version | Tinstall | Tcheck | Ttotal | Status | Flags |
---|---|---|---|---|---|---|
r-devel-linux-x86_64-debian-clang | 1.0.3 | 394.82 | 125.18 | 520.00 | OK | |
r-devel-linux-x86_64-debian-gcc | 1.0.3 | 305.17 | 123.55 | 428.72 | OK | |
r-devel-linux-x86_64-fedora-clang | 1.0.3 | 889.60 | OK | |||
r-devel-linux-x86_64-fedora-gcc | 1.0.3 | 1161.83 | OK | |||
r-devel-windows-x86_64 | 1.0.3 | 350.00 | 170.00 | 520.00 | OK | |
r-patched-linux-x86_64 | 1.0.3 | 404.14 | 159.98 | 564.12 | OK | |
r-release-linux-x86_64 | 1.0.3 | 424.12 | 159.57 | 583.69 | OK | |
r-release-macos-arm64 | 1.0.3 | 221.00 | NOTE | |||
r-release-macos-x86_64 | 1.0.3 | 199.00 | NOTE | |||
r-release-windows-x86_64 | 1.0.3 | 353.00 | 165.00 | 518.00 | OK | |
r-oldrel-macos-arm64 | 1.0.3 | 205.00 | NOTE | |||
r-oldrel-macos-x86_64 | 1.0.3 | 217.00 | NOTE | |||
r-oldrel-windows-x86_64 | 1.0.3 | 422.00 | 208.00 | 630.00 | OK |
Version: 1.0.3
Check: installed package size
Result: NOTE
installed size is 40.0Mb
sub-directories of 1Mb or more:
libs 39.5Mb
Flavors: r-release-macos-arm64, r-release-macos-x86_64, r-oldrel-macos-arm64, r-oldrel-macos-x86_64