Last updated on 2025-01-19 05:49:11 CET.
Flavor | Version | Tinstall | Tcheck | Ttotal | Status | Flags |
---|---|---|---|---|---|---|
r-devel-linux-x86_64-debian-clang | 0.5-0 | 92.94 | 119.16 | 212.10 | OK | |
r-devel-linux-x86_64-debian-gcc | 0.5-0 | 54.06 | 80.12 | 134.18 | OK | |
r-devel-linux-x86_64-fedora-clang | 0.5-0 | 316.46 | OK | |||
r-devel-linux-x86_64-fedora-gcc | 0.5-0 | 331.52 | OK | |||
r-devel-windows-x86_64 | 0.5-0 | 70.00 | 138.00 | 208.00 | OK | |
r-patched-linux-x86_64 | 0.5-0 | 79.54 | 108.46 | 188.00 | OK | |
r-release-linux-x86_64 | 0.5-0 | 72.91 | 109.64 | 182.55 | OK | |
r-release-macos-arm64 | 0.5-0 | 78.00 | NOTE | |||
r-release-macos-x86_64 | 0.5-0 | 227.00 | NOTE | |||
r-release-windows-x86_64 | 0.5-0 | 72.00 | 137.00 | 209.00 | OK | |
r-oldrel-macos-arm64 | 0.5-0 | 79.00 | NOTE | |||
r-oldrel-macos-x86_64 | 0.5-0 | 225.00 | NOTE | |||
r-oldrel-windows-x86_64 | 0.5-0 | 89.00 | 171.00 | 260.00 | OK |
Version: 0.5-0
Check: installed package size
Result: NOTE
installed size is 10.4Mb
sub-directories of 1Mb or more:
libs 9.6Mb
Flavors: r-release-macos-arm64, r-release-macos-x86_64, r-oldrel-macos-arm64, r-oldrel-macos-x86_64