CRAN Package Check Results for Package JNplots

Last updated on 2025-01-19 05:49:11 CET.

Flavor Version Tinstall Tcheck Ttotal Status Flags
r-devel-linux-x86_64-debian-clang 0.1.1 4.54 37.08 41.62 NOTE
r-devel-linux-x86_64-debian-gcc 0.1.1 3.07 28.12 31.19 NOTE
r-devel-linux-x86_64-fedora-clang 0.1.1 67.85 OK
r-devel-linux-x86_64-fedora-gcc 0.1.1 63.90 OK
r-devel-windows-x86_64 0.1.1 6.00 56.00 62.00 NOTE
r-patched-linux-x86_64 0.1.1 3.21 35.11 38.32 OK
r-release-linux-x86_64 0.1.1 4.27 35.69 39.96 OK
r-release-macos-arm64 0.1.1 24.00 OK
r-release-macos-x86_64 0.1.1 34.00 OK
r-release-windows-x86_64 0.1.1 6.00 56.00 62.00 OK
r-oldrel-macos-arm64 0.1.1 28.00 OK
r-oldrel-macos-x86_64 0.1.1 58.00 OK
r-oldrel-windows-x86_64 0.1.1 7.00 60.00 67.00 OK

Check Details

Version: 0.1.1
Check: Rd cross-references
Result: NOTE Found the following Rd file(s) with Rd \link{} targets missing package anchors: jnt_cat.Rd: corStruct, corClasses jnt_cont.Rd: corStruct, corClasses Please provide package anchors for all Rd \link{} targets not in the package itself and the base packages. Flavors: r-devel-linux-x86_64-debian-clang, r-devel-linux-x86_64-debian-gcc, r-devel-windows-x86_64