Last updated on 2025-01-19 05:49:11 CET.
Flavor | Version | Tinstall | Tcheck | Ttotal | Status | Flags |
---|---|---|---|---|---|---|
r-devel-linux-x86_64-debian-clang | 1.0.1 | 174.99 | 154.43 | 329.42 | NOTE | |
r-devel-linux-x86_64-debian-gcc | 1.0.1 | 123.94 | 130.15 | 254.09 | NOTE | |
r-devel-linux-x86_64-fedora-clang | 1.0.1 | 636.34 | OK | |||
r-devel-linux-x86_64-fedora-gcc | 1.0.1 | 626.40 | OK | |||
r-devel-windows-x86_64 | 1.0.1 | 174.00 | 197.00 | 371.00 | NOTE | |
r-patched-linux-x86_64 | 1.0.1 | 167.96 | 157.10 | 325.06 | OK | |
r-release-linux-x86_64 | 1.0.1 | 171.79 | 158.04 | 329.83 | OK | |
r-release-macos-arm64 | 1.0.1 | 146.00 | NOTE | |||
r-release-macos-x86_64 | 1.0.1 | 210.00 | NOTE | |||
r-release-windows-x86_64 | 1.0.1 | 174.00 | 199.00 | 373.00 | OK | |
r-oldrel-macos-arm64 | 1.0.1 | 177.00 | NOTE | |||
r-oldrel-macos-x86_64 | 1.0.1 | 309.00 | NOTE | |||
r-oldrel-windows-x86_64 | 1.0.1 | 201.00 | 235.00 | 436.00 | OK |
Version: 1.0.1
Check: Rd cross-references
Result: NOTE
Found the following Rd file(s) with Rd \link{} targets missing package
anchors:
jmodelMult.Rd: lme, coxph, Surv
jmodelTM.Rd: lme, coxph, Surv
Please provide package anchors for all Rd \link{} targets not in the
package itself and the base packages.
Flavors: r-devel-linux-x86_64-debian-clang, r-devel-linux-x86_64-debian-gcc, r-devel-windows-x86_64
Version: 1.0.1
Check: installed package size
Result: NOTE
installed size is 22.5Mb
sub-directories of 1Mb or more:
libs 22.0Mb
Flavors: r-release-macos-arm64, r-release-macos-x86_64, r-oldrel-macos-arm64, r-oldrel-macos-x86_64