Last updated on 2024-05-01 16:52:58 CEST.
Flavor | Version | Tinstall | Tcheck | Ttotal | Status | Flags |
---|---|---|---|---|---|---|
r-devel-linux-x86_64-debian-clang | 0.1.9 | 1.93 | 145.39 | 147.32 | NOTE | |
r-devel-linux-x86_64-debian-gcc | 0.1.9 | 1.79 | 101.31 | 103.10 | NOTE | |
r-devel-linux-x86_64-fedora-clang | 0.1.9 | 173.18 | NOTE | |||
r-devel-linux-x86_64-fedora-gcc | 0.1.9 | 180.88 | NOTE | |||
r-devel-windows-x86_64 | 0.1.9 | 3.00 | 106.00 | 109.00 | NOTE | |
r-patched-linux-x86_64 | 0.1.9 | 2.41 | 141.54 | 143.95 | NOTE | |
r-release-linux-x86_64 | 0.1.9 | 1.46 | 135.16 | 136.62 | NOTE | |
r-release-macos-arm64 | 0.1.9 | 46.00 | NOTE | |||
r-release-windows-x86_64 | 0.1.9 | 3.00 | 106.00 | 109.00 | NOTE | |
r-oldrel-macos-arm64 | 0.1.9 | 49.00 | NOTE | |||
r-oldrel-macos-x86_64 | 0.1.9 | 92.00 | NOTE | |||
r-oldrel-windows-x86_64 | 0.1.9 | 3.00 | 134.00 | 137.00 | NOTE |
Version: 0.1.9
Check: LazyData
Result: NOTE
'LazyData' is specified without a 'data' directory
Flavors: r-devel-linux-x86_64-debian-clang, r-devel-linux-x86_64-debian-gcc, r-devel-linux-x86_64-fedora-clang, r-devel-linux-x86_64-fedora-gcc, r-devel-windows-x86_64, r-patched-linux-x86_64, r-release-linux-x86_64, r-release-macos-arm64, r-release-windows-x86_64, r-oldrel-macos-arm64, r-oldrel-macos-x86_64, r-oldrel-windows-x86_64
Version: 0.1.9
Check: dependencies in R code
Result: NOTE
Namespace in Imports field not imported from: ‘GA’
All declared Imports should be used.
Flavors: r-devel-linux-x86_64-fedora-clang, r-devel-linux-x86_64-fedora-gcc