Last updated on 2025-01-19 05:49:11 CET.
Flavor | Version | Tinstall | Tcheck | Ttotal | Status | Flags |
---|---|---|---|---|---|---|
r-devel-linux-x86_64-debian-clang | 0.1.1 | 2.87 | 112.90 | 115.77 | OK | |
r-devel-linux-x86_64-debian-gcc | 0.1.1 | 1.87 | 72.19 | 74.06 | OK | |
r-devel-linux-x86_64-fedora-clang | 0.1.1 | 196.81 | NOTE | |||
r-devel-linux-x86_64-fedora-gcc | 0.1.1 | 197.91 | NOTE | |||
r-devel-windows-x86_64 | 0.1.1 | 6.00 | 137.00 | 143.00 | OK | |
r-patched-linux-x86_64 | 0.1.1 | 2.65 | 105.80 | 108.45 | OK | |
r-release-linux-x86_64 | 0.1.1 | 2.19 | 107.69 | 109.88 | OK | |
r-release-macos-arm64 | 0.1.1 | 53.00 | OK | |||
r-release-macos-x86_64 | 0.1.1 | 81.00 | OK | |||
r-release-windows-x86_64 | 0.1.1 | 5.00 | 137.00 | 142.00 | OK | |
r-oldrel-macos-arm64 | 0.1.1 | 61.00 | OK | |||
r-oldrel-macos-x86_64 | 0.1.1 | 81.00 | OK | |||
r-oldrel-windows-x86_64 | 0.1.1 | 6.00 | 164.00 | 170.00 | OK |
Version: 0.1.1
Check: dependencies in R code
Result: NOTE
Namespaces in Imports field not imported from:
‘Superpower’ ‘pwr’ ‘shinydashboard’
All declared Imports should be used.
Flavors: r-devel-linux-x86_64-fedora-clang, r-devel-linux-x86_64-fedora-gcc