Last updated on 2025-01-19 05:49:11 CET.
Flavor | Version | Tinstall | Tcheck | Ttotal | Status | Flags |
---|---|---|---|---|---|---|
r-devel-linux-x86_64-debian-clang | 0.1.0 | 15.05 | 101.57 | 116.62 | OK | |
r-devel-linux-x86_64-debian-gcc | 0.1.0 | 10.27 | 72.90 | 83.17 | OK | |
r-devel-linux-x86_64-fedora-clang | 0.1.0 | 189.04 | OK | |||
r-devel-linux-x86_64-fedora-gcc | 0.1.0 | 173.41 | OK | |||
r-devel-windows-x86_64 | 0.1.0 | 15.00 | 104.00 | 119.00 | OK | |
r-patched-linux-x86_64 | 0.1.0 | 9.07 | 94.39 | 103.46 | NOTE | |
r-release-linux-x86_64 | 0.1.0 | 12.14 | 92.36 | 104.50 | NOTE | |
r-release-macos-arm64 | 0.1.0 | 50.00 | NOTE | |||
r-release-macos-x86_64 | 0.1.0 | 79.00 | NOTE | |||
r-release-windows-x86_64 | 0.1.0 | 14.00 | 100.00 | 114.00 | NOTE | |
r-oldrel-macos-arm64 | 0.1.0 | 59.00 | NOTE | |||
r-oldrel-macos-x86_64 | 0.1.0 | 88.00 | NOTE | |||
r-oldrel-windows-x86_64 | 0.1.0 | 20.00 | 123.00 | 143.00 | NOTE |
Version: 0.1.0
Check: LazyData
Result: NOTE
'LazyData' is specified without a 'data' directory
Flavors: r-patched-linux-x86_64, r-release-linux-x86_64, r-release-macos-arm64, r-release-macos-x86_64, r-release-windows-x86_64, r-oldrel-macos-arm64, r-oldrel-macos-x86_64, r-oldrel-windows-x86_64