CRAN Package Check Results for Package Kcop

Last updated on 2025-01-19 05:49:11 CET.

Flavor Version Tinstall Tcheck Ttotal Status Flags
r-devel-linux-x86_64-debian-clang 1.0.0 2.18 28.50 30.68 OK
r-devel-linux-x86_64-debian-gcc 1.0.0 1.78 21.14 22.92 OK
r-devel-linux-x86_64-fedora-clang 1.0.0 50.95 NOTE
r-devel-linux-x86_64-fedora-gcc 1.0.0 46.62 NOTE
r-devel-windows-x86_64 1.0.0 4.00 55.00 59.00 OK
r-patched-linux-x86_64 1.0.0 2.18 26.58 28.76 OK
r-release-linux-x86_64 1.0.0 1.91 25.92 27.83 OK
r-release-macos-arm64 1.0.0 18.00 OK
r-release-macos-x86_64 1.0.0 28.00 OK
r-release-windows-x86_64 1.0.0 4.00 54.00 58.00 OK
r-oldrel-macos-arm64 1.0.0 22.00 OK
r-oldrel-macos-x86_64 1.0.0 26.00 OK
r-oldrel-windows-x86_64 1.0.0 4.00 53.00 57.00 OK

Check Details

Version: 1.0.0
Check: dependencies in R code
Result: NOTE Namespace in Imports field not imported from: ‘base’ All declared Imports should be used. Flavors: r-devel-linux-x86_64-fedora-clang, r-devel-linux-x86_64-fedora-gcc