CRAN Package Check Results for Package KernSmoothIRT

Last updated on 2020-07-10 12:48:30 CEST.

Flavor Version Tinstall Tcheck Ttotal Status Flags
r-devel-linux-x86_64-debian-clang 6.4 31.70 48.18 79.88 OK
r-devel-linux-x86_64-debian-gcc 6.4 24.61 37.87 62.48 OK
r-devel-linux-x86_64-fedora-clang 6.4 113.40 NOTE
r-devel-linux-x86_64-fedora-gcc 6.4 96.97 NOTE
r-devel-windows-ix86+x86_64 6.4 62.00 95.00 157.00 OK
r-patched-linux-x86_64 6.4 27.15 48.39 75.54 OK
r-patched-solaris-x86 6.4 113.60 OK
r-release-linux-x86_64 6.4 25.18 47.79 72.97 OK
r-release-osx-x86_64 6.4 OK
r-release-windows-ix86+x86_64 6.4 67.00 121.00 188.00 OK
r-oldrel-osx-x86_64 6.4 WARN
r-oldrel-windows-ix86+x86_64 6.4 64.00 108.00 172.00 OK

Check Details

Version: 6.4
Check: compiled code
Result: NOTE
    File ‘KernSmoothIRT/libs/KernSmoothIRT.so’:
     Found no calls to: ‘R_registerRoutines’, ‘R_useDynamicSymbols’
    
    It is good practice to register native routines and to disable symbol
    search.
    
    See ‘Writing portable packages’ in the ‘Writing R Extensions’ manual.
Flavors: r-devel-linux-x86_64-fedora-clang, r-devel-linux-x86_64-fedora-gcc

Version: 6.4
Check: whether package can be installed
Result: WARN
    Found the following significant warnings:
     Warning: 'rgl_init' failed, running with rgl.useNULL = TRUE
Flavor: r-oldrel-osx-x86_64

Version: 6.4
Check: dependencies in R code
Result: NOTE
    No protocol specified
Flavor: r-oldrel-osx-x86_64

Version: 6.4
Check: S3 generic/method consistency
Result: WARN
    No protocol specified
    See section ‘Generic functions and methods’ in the ‘Writing R
    Extensions’ manual.
Flavor: r-oldrel-osx-x86_64

Version: 6.4
Check: replacement functions
Result: WARN
    No protocol specified
    The argument of a replacement function which corresponds to the right
    hand side must be named ‘value’.
Flavor: r-oldrel-osx-x86_64

Version: 6.4
Check: foreign function calls
Result: NOTE
    No protocol specified
    See chapter ‘System and foreign language interfaces’ in the ‘Writing R
    Extensions’ manual.
Flavor: r-oldrel-osx-x86_64

Version: 6.4
Check: R code for possible problems
Result: NOTE
    No protocol specified
Flavor: r-oldrel-osx-x86_64

Version: 6.4
Check: for missing documentation entries
Result: WARN
    No protocol specified
    All user-level objects in a package should have documentation entries.
    See chapter ‘Writing R documentation files’ in the ‘Writing R
    Extensions’ manual.
Flavor: r-oldrel-osx-x86_64

Version: 6.4
Check: for code/documentation mismatches
Result: WARN
    No protocol specified
    No protocol specified
    No protocol specified
Flavor: r-oldrel-osx-x86_64

Version: 6.4
Check: Rd \usage sections
Result: NOTE
    No protocol specified
    The \usage entries for S3 methods should use the \method markup and not
    their full name.
    See chapter ‘Writing R documentation files’ in the ‘Writing R
    Extensions’ manual.
Flavor: r-oldrel-osx-x86_64