Last updated on 2024-05-01 16:52:59 CEST.
Flavor | Version | Tinstall | Tcheck | Ttotal | Status | Flags |
---|---|---|---|---|---|---|
r-devel-linux-x86_64-debian-clang | 2.0 | 10.45 | 158.58 | 169.03 | OK | |
r-devel-linux-x86_64-debian-gcc | 2.0 | 8.70 | 114.68 | 123.38 | OK | |
r-devel-linux-x86_64-fedora-clang | 2.0 | 207.65 | NOTE | |||
r-devel-linux-x86_64-fedora-gcc | 2.0 | 208.50 | NOTE | |||
r-devel-windows-x86_64 | 2.0 | 10.00 | 185.00 | 195.00 | OK | |
r-patched-linux-x86_64 | 2.0 | 12.83 | 150.49 | 163.32 | OK | |
r-release-linux-x86_64 | 2.0 | 11.78 | 147.77 | 159.55 | OK | |
r-release-macos-arm64 | 2.0 | 69.00 | OK | |||
r-release-windows-x86_64 | 2.0 | 10.00 | 187.00 | 197.00 | OK | |
r-oldrel-macos-arm64 | 2.0 | 61.00 | OK | |||
r-oldrel-macos-x86_64 | 2.0 | 109.00 | OK | |||
r-oldrel-windows-x86_64 | 2.0 | 13.00 | 197.00 | 210.00 | OK |
Version: 2.0
Check: dependencies in R code
Result: NOTE
Namespace in Imports field not imported from: ‘robustbase’
All declared Imports should be used.
Flavors: r-devel-linux-x86_64-fedora-clang, r-devel-linux-x86_64-fedora-gcc