CRAN Package Check Results for Package L2E

Last updated on 2025-01-19 05:49:11 CET.

Flavor Version Tinstall Tcheck Ttotal Status Flags
r-devel-linux-x86_64-debian-clang 2.0 9.08 123.84 132.92 OK
r-devel-linux-x86_64-debian-gcc 2.0 6.61 90.19 96.80 OK
r-devel-linux-x86_64-fedora-clang 2.0 216.13 NOTE
r-devel-linux-x86_64-fedora-gcc 2.0 215.56 NOTE
r-devel-windows-x86_64 2.0 11.00 190.00 201.00 OK
r-patched-linux-x86_64 2.0 8.26 116.03 124.29 OK
r-release-linux-x86_64 2.0 8.76 116.14 124.90 OK
r-release-macos-arm64 2.0 69.00 OK
r-release-macos-x86_64 2.0 103.00 OK
r-release-windows-x86_64 2.0 10.00 187.00 197.00 OK
r-oldrel-macos-arm64 2.0 61.00 OK
r-oldrel-macos-x86_64 2.0 109.00 OK
r-oldrel-windows-x86_64 2.0 12.00 201.00 213.00 OK

Check Details

Version: 2.0
Check: dependencies in R code
Result: NOTE Namespace in Imports field not imported from: ‘robustbase’ All declared Imports should be used. Flavors: r-devel-linux-x86_64-fedora-clang, r-devel-linux-x86_64-fedora-gcc