CRAN Package Check Results for Package LDNN

Last updated on 2025-01-19 05:49:11 CET.

Flavor Version Tinstall Tcheck Ttotal Status Flags
r-devel-linux-x86_64-debian-clang 1.10 7.93 66.65 74.58 OK
r-devel-linux-x86_64-debian-gcc 1.10 5.59 50.95 56.54 OK
r-devel-linux-x86_64-fedora-clang 1.10 118.77 NOTE
r-devel-linux-x86_64-fedora-gcc 1.10 123.82 NOTE
r-devel-windows-x86_64 1.10 10.00 77.00 87.00 OK
r-patched-linux-x86_64 1.10 7.41 61.87 69.28 NOTE
r-release-linux-x86_64 1.10 6.76 61.61 68.37 NOTE
r-release-macos-arm64 1.10 41.00 NOTE
r-release-macos-x86_64 1.10 62.00 NOTE
r-release-windows-x86_64 1.10 11.00 76.00 87.00 NOTE
r-oldrel-macos-arm64 1.10 44.00 NOTE
r-oldrel-macos-x86_64 1.10 79.00 NOTE
r-oldrel-windows-x86_64 1.10 11.00 91.00 102.00 NOTE

Check Details

Version: 1.10
Check: dependencies in R code
Result: NOTE Namespaces in Imports field not imported from: ‘devtools’ ‘reticulate’ ‘tensorflow’ All declared Imports should be used. Flavors: r-devel-linux-x86_64-fedora-clang, r-devel-linux-x86_64-fedora-gcc

Version: 1.10
Check: LazyData
Result: NOTE 'LazyData' is specified without a 'data' directory Flavors: r-patched-linux-x86_64, r-release-linux-x86_64, r-release-macos-arm64, r-release-macos-x86_64, r-release-windows-x86_64, r-oldrel-macos-arm64, r-oldrel-macos-x86_64, r-oldrel-windows-x86_64