Last updated on 2024-04-21 12:54:00 CEST.
Flavor | Version | Tinstall | Tcheck | Ttotal | Status | Flags |
---|---|---|---|---|---|---|
r-devel-linux-x86_64-debian-clang | 1.0 | 2.14 | 42.19 | 44.33 | OK | |
r-devel-linux-x86_64-debian-gcc | 1.0 | 1.81 | 32.38 | 34.19 | OK | |
r-devel-linux-x86_64-fedora-clang | 1.0 | 52.70 | OK | |||
r-devel-linux-x86_64-fedora-gcc | 1.0 | 56.15 | OK | |||
r-prerel-macos-arm64 | 1.0 | 27.00 | OK | |||
r-prerel-windows-x86_64 | 1.0 | 3.00 | 74.00 | 77.00 | OK | |
r-patched-linux-x86_64 | 1.0 | 1.92 | 33.64 | 35.56 | OK | |
r-release-linux-x86_64 | 1.0 | 2.10 | 38.93 | 41.03 | OK | |
r-release-macos-arm64 | 1.0 | 32.00 | OK | |||
r-release-macos-x86_64 | 1.0 | 47.00 | OK | |||
r-release-windows-x86_64 | 1.0 | 3.00 | 76.00 | 79.00 | OK | |
r-oldrel-macos-arm64 | 1.0 | 22.00 | NOTE | |||
r-oldrel-windows-x86_64 | 1.0 | 4.00 | 79.00 | 83.00 | OK |
Version: 1.0
Check: re-building of vignette outputs
Result: NOTE
Error(s) in re-building vignettes:
...
--- re-building ‘LFDREmpiricalBayes.Rnw’ using Sweave
Error: processing vignette 'LFDREmpiricalBayes.Rnw' failed with diagnostics:
chunk 4 (label = generating artificial SNPs)
Error in library(LFDR.MLE) : there is no package called ‘LFDR.MLE’
--- failed re-building ‘LFDREmpiricalBayes.Rnw’
SUMMARY: processing the following file failed:
‘LFDREmpiricalBayes.Rnw’
Error: Vignette re-building failed.
Execution halted
Flavor: r-oldrel-macos-arm64