CRAN Package Check Results for Package LLSR

Last updated on 2018-10-17 12:51:54 CEST.

Flavor Version Tinstall Tcheck Ttotal Status Flags
r-devel-linux-x86_64-debian-clang 0.0.2.1 5.51 61.49 67.00 OK
r-devel-linux-x86_64-debian-gcc 0.0.2.1 4.32 47.61 51.93 OK
r-devel-linux-x86_64-fedora-clang 0.0.2.1 77.13 OK
r-devel-linux-x86_64-fedora-gcc 0.0.2.1 73.73 OK
r-devel-windows-ix86+x86_64 0.0.2.1 14.00 106.00 120.00 OK
r-patched-linux-x86_64 0.0.2.1 4.31 51.00 55.31 OK
r-patched-solaris-x86 0.0.2.1 90.10 OK
r-release-linux-x86_64 0.0.2.1 4.69 51.28 55.97 OK
r-release-windows-ix86+x86_64 0.0.2.1 13.00 87.00 100.00 OK
r-release-osx-x86_64 0.0.2.1 OK
r-oldrel-windows-ix86+x86_64 0.0.2.1 14.00 98.00 112.00 NOTE
r-oldrel-osx-x86_64 0.0.2.1 NOTE

Check Details

Version: 0.0.2.1
Check: R code for possible problems
Result: NOTE
    AQSys.plot: no visible binding for global variable 'x'
    AQSys.plot: no visible binding for global variable 'y'
    Undefined global functions or variables:
     x y
Flavors: r-oldrel-windows-ix86+x86_64, r-oldrel-osx-x86_64