Last updated on 2024-04-17 13:57:33 CEST.
Flavor | Version | Tinstall | Tcheck | Ttotal | Status | Flags |
---|---|---|---|---|---|---|
r-devel-linux-x86_64-debian-clang | 3.1.2 | 35.24 | 320.12 | 355.36 | OK | |
r-devel-linux-x86_64-debian-gcc | 3.1.2 | 29.88 | 211.93 | 241.81 | OK | |
r-devel-linux-x86_64-fedora-clang | 3.1.2 | 450.11 | NOTE | |||
r-devel-linux-x86_64-fedora-gcc | 3.1.2 | 418.49 | OK | |||
r-prerel-macos-arm64 | 3.1.2 | 97.00 | OK | |||
r-prerel-windows-x86_64 | 3.1.2 | 34.00 | 219.00 | 253.00 | OK | |
r-patched-linux-x86_64 | 3.1.2 | 31.82 | 286.49 | 318.31 | OK | |
r-release-linux-x86_64 | 3.1.2 | 32.04 | 288.20 | 320.24 | OK | |
r-release-macos-arm64 | 3.1.2 | 113.00 | OK | |||
r-release-macos-x86_64 | 3.1.2 | 224.00 | OK | |||
r-release-windows-x86_64 | 3.1.2 | 44.00 | 273.00 | 317.00 | OK | |
r-oldrel-macos-arm64 | 3.1.2 | 86.00 | OK | |||
r-oldrel-windows-x86_64 | 3.1.2 | 41.00 | 261.00 | 302.00 | OK |
Version: 3.1.2
Check: installed package size
Result: NOTE
installed size is 7.2Mb
sub-directories of 1Mb or more:
libs 5.5Mb
Flavor: r-devel-linux-x86_64-fedora-clang