Last updated on 2024-05-01 16:53:00 CEST.
Flavor | Version | Tinstall | Tcheck | Ttotal | Status | Flags |
---|---|---|---|---|---|---|
r-devel-linux-x86_64-debian-clang | 1.2 | 6.27 | 60.88 | 67.15 | NOTE | |
r-devel-linux-x86_64-debian-gcc | 1.2 | 5.62 | 45.48 | 51.10 | NOTE | |
r-devel-linux-x86_64-fedora-clang | 1.2 | 87.32 | NOTE | |||
r-devel-linux-x86_64-fedora-gcc | 1.2 | 79.17 | NOTE | |||
r-devel-windows-x86_64 | 1.2 | 7.00 | 78.00 | 85.00 | NOTE | |
r-patched-linux-x86_64 | 1.2 | 4.24 | 58.65 | 62.89 | NOTE | |
r-release-linux-x86_64 | 1.2 | 4.26 | 56.27 | 60.53 | NOTE | |
r-release-macos-arm64 | 1.2 | 28.00 | NOTE | |||
r-release-windows-x86_64 | 1.2 | 8.00 | 69.00 | 77.00 | NOTE | |
r-oldrel-macos-arm64 | 1.2 | 30.00 | NOTE | |||
r-oldrel-macos-x86_64 | 1.2 | 41.00 | NOTE | |||
r-oldrel-windows-x86_64 | 1.2 | 9.00 | 79.00 | 88.00 | NOTE |
Version: 1.2
Check: LazyData
Result: NOTE
'LazyData' is specified without a 'data' directory
Flavors: r-devel-linux-x86_64-debian-clang, r-devel-linux-x86_64-debian-gcc, r-devel-linux-x86_64-fedora-clang, r-devel-linux-x86_64-fedora-gcc, r-devel-windows-x86_64, r-patched-linux-x86_64, r-release-linux-x86_64, r-release-macos-arm64, r-release-windows-x86_64, r-oldrel-macos-arm64, r-oldrel-macos-x86_64, r-oldrel-windows-x86_64