Last updated on 2025-01-19 05:49:12 CET.
Flavor | Version | Tinstall | Tcheck | Ttotal | Status | Flags |
---|---|---|---|---|---|---|
r-devel-linux-x86_64-debian-clang | 0.6 | 12.95 | 86.08 | 99.03 | OK | |
r-devel-linux-x86_64-debian-gcc | 0.6 | 9.06 | 58.88 | 67.94 | OK | |
r-devel-linux-x86_64-fedora-clang | 0.6 | 160.39 | OK | |||
r-devel-linux-x86_64-fedora-gcc | 0.6 | 177.60 | OK | |||
r-devel-windows-x86_64 | 0.6 | 18.00 | 105.00 | 123.00 | OK | |
r-patched-linux-x86_64 | 0.6 | 13.98 | 79.37 | 93.35 | OK | |
r-release-linux-x86_64 | 0.6 | 15.23 | 78.11 | 93.34 | OK | |
r-release-macos-arm64 | 0.6 | 70.00 | WARN | |||
r-release-macos-x86_64 | 0.6 | 126.00 | WARN | |||
r-release-windows-x86_64 | 0.6 | 16.00 | 107.00 | 123.00 | OK | |
r-oldrel-macos-arm64 | 0.6 | 68.00 | WARN | |||
r-oldrel-macos-x86_64 | 0.6 | 120.00 | WARN | |||
r-oldrel-windows-x86_64 | 0.6 | 21.00 | 123.00 | 144.00 | OK |
Version: 0.6
Check: loading without being on the library search path
Result: WARN
Error: package or namespace load failed for ‘LSTbook’:
.onLoad failed in loadNamespace() for 'LSTbook', details:
call: loadNamespace(name)
error: there is no package called ‘mosaicData’
Execution halted
It looks like this package has a loading problem when not on .libPaths:
see the messages for details.
Flavors: r-release-macos-arm64, r-release-macos-x86_64, r-oldrel-macos-arm64, r-oldrel-macos-x86_64