Last updated on 2025-01-19 05:49:12 CET.
Flavor | Version | Tinstall | Tcheck | Ttotal | Status | Flags |
---|---|---|---|---|---|---|
r-devel-linux-x86_64-debian-clang | 1.1.0 | 8.76 | 76.34 | 85.10 | NOTE | |
r-devel-linux-x86_64-debian-gcc | 1.1.0 | 6.08 | 57.98 | 64.06 | NOTE | |
r-devel-linux-x86_64-fedora-clang | 1.1.0 | 138.36 | OK | |||
r-devel-linux-x86_64-fedora-gcc | 1.1.0 | 145.89 | OK | |||
r-devel-windows-x86_64 | 1.1.0 | 9.00 | 90.00 | 99.00 | NOTE | |
r-patched-linux-x86_64 | 1.1.0 | 8.39 | 72.13 | 80.52 | NOTE | |
r-release-linux-x86_64 | 1.1.0 | 7.96 | 71.85 | 79.81 | NOTE | |
r-release-macos-arm64 | 1.1.0 | 54.00 | NOTE | |||
r-release-macos-x86_64 | 1.1.0 | 72.00 | NOTE | |||
r-release-windows-x86_64 | 1.1.0 | 8.00 | 89.00 | 97.00 | NOTE | |
r-oldrel-macos-arm64 | 1.1.0 | 50.00 | NOTE | |||
r-oldrel-macos-x86_64 | 1.1.0 | 86.00 | NOTE | |||
r-oldrel-windows-x86_64 | 1.1.0 | 11.00 | 105.00 | 116.00 | NOTE |
Version: 1.1.0
Check: Rd cross-references
Result: NOTE
Found the following Rd file(s) with Rd \link{} targets missing package
anchors:
gamtable1.Rd: gamObject
Please provide package anchors for all Rd \link{} targets not in the
package itself and the base packages.
Flavors: r-devel-linux-x86_64-debian-clang, r-devel-linux-x86_64-debian-gcc, r-devel-windows-x86_64
Version: 1.1.0
Check: LazyData
Result: NOTE
'LazyData' is specified without a 'data' directory
Flavors: r-patched-linux-x86_64, r-release-linux-x86_64, r-release-macos-arm64, r-release-macos-x86_64, r-release-windows-x86_64, r-oldrel-macos-arm64, r-oldrel-macos-x86_64, r-oldrel-windows-x86_64