CRAN Package Check Results for Package LaMa

Last updated on 2025-01-19 05:49:11 CET.

Flavor Version Tinstall Tcheck Ttotal Status Flags
r-devel-linux-x86_64-debian-clang 2.0.2 53.68 363.39 417.07 OK
r-devel-linux-x86_64-debian-gcc 2.0.2 38.71 234.77 273.48 OK
r-devel-linux-x86_64-fedora-clang 2.0.2 675.23 OK
r-devel-linux-x86_64-fedora-gcc 2.0.2 713.91 OK
r-devel-windows-x86_64 2.0.2 56.00 376.00 432.00 OK
r-patched-linux-x86_64 2.0.2 54.26 343.01 397.27 OK
r-release-linux-x86_64 2.0.2 53.48 343.90 397.38 OK
r-release-macos-arm64 2.0.2 200.00 NOTE
r-release-macos-x86_64 2.0.2 354.00 NOTE
r-release-windows-x86_64 2.0.2 55.00 374.00 429.00 NOTE
r-oldrel-macos-arm64 2.0.2 189.00 NOTE
r-oldrel-macos-x86_64 2.0.2 331.00 NOTE
r-oldrel-windows-x86_64 2.0.2 63.00 512.00 575.00 NOTE

Check Details

Version: 2.0.2
Check: installed package size
Result: NOTE installed size is 7.2Mb sub-directories of 1Mb or more: doc 3.1Mb libs 3.3Mb Flavors: r-release-macos-arm64, r-release-macos-x86_64, r-release-windows-x86_64, r-oldrel-macos-arm64, r-oldrel-macos-x86_64, r-oldrel-windows-x86_64