Last updated on 2025-01-19 05:49:11 CET.
Flavor | Version | Tinstall | Tcheck | Ttotal | Status | Flags |
---|---|---|---|---|---|---|
r-devel-linux-x86_64-debian-clang | 1.2.2 | 9.97 | 82.23 | 92.20 | OK | |
r-devel-linux-x86_64-debian-gcc | 1.2.2 | 7.97 | 57.23 | 65.20 | OK | |
r-devel-linux-x86_64-fedora-clang | 1.2.2 | 149.35 | NOTE | |||
r-devel-linux-x86_64-fedora-gcc | 1.2.2 | 139.30 | NOTE | |||
r-devel-windows-x86_64 | 1.2.2 | 12.00 | 93.00 | 105.00 | OK | |
r-patched-linux-x86_64 | 1.2.2 | 9.42 | 78.53 | 87.95 | OK | |
r-release-linux-x86_64 | 1.2.2 | 9.57 | 76.97 | 86.54 | OK | |
r-release-macos-arm64 | 1.2.2 | 41.00 | OK | |||
r-release-macos-x86_64 | 1.2.2 | 67.00 | OK | |||
r-release-windows-x86_64 | 1.2.2 | 12.00 | 92.00 | 104.00 | OK | |
r-oldrel-macos-arm64 | 1.2.2 | 44.00 | OK | |||
r-oldrel-macos-x86_64 | 1.2.2 | 58.00 | OK | |||
r-oldrel-windows-x86_64 | 1.2.2 | 14.00 | 114.00 | 128.00 | OK |
Version: 1.2.2
Check: dependencies in R code
Result: NOTE
Namespaces in Imports field not imported from:
‘SnowballC’ ‘data.table’ ‘e1071’ ‘fastmatch’
All declared Imports should be used.
Flavors: r-devel-linux-x86_64-fedora-clang, r-devel-linux-x86_64-fedora-gcc