Last updated on 2024-03-27 20:50:00 CET.
Flavor | Version | Tinstall | Tcheck | Ttotal | Status | Flags |
---|---|---|---|---|---|---|
r-devel-linux-x86_64-debian-clang | 1.2.2 | 10.88 | 103.23 | 114.11 | OK | |
r-devel-linux-x86_64-debian-gcc | 1.2.2 | 10.44 | 77.60 | 88.04 | OK | |
r-devel-linux-x86_64-fedora-clang | 1.2.2 | 143.12 | NOTE | |||
r-devel-linux-x86_64-fedora-gcc | 1.2.2 | 141.43 | NOTE | |||
r-devel-windows-x86_64 | 1.2.2 | 11.00 | 94.00 | 105.00 | OK | |
r-patched-linux-x86_64 | 1.2.2 | 12.18 | 102.35 | 114.53 | OK | |
r-release-linux-x86_64 | 1.2.2 | 7.55 | 103.96 | 111.51 | OK | |
r-release-macos-arm64 | 1.2.2 | 44.00 | OK | |||
r-release-macos-x86_64 | 1.2.2 | 58.00 | OK | |||
r-release-windows-x86_64 | 1.2.2 | 15.00 | 109.00 | 124.00 | OK | |
r-oldrel-macos-arm64 | 1.2.2 | 43.00 | NOTE | |||
r-oldrel-windows-x86_64 | 1.2.2 | 17.00 | 114.00 | 131.00 | OK |
Version: 1.2.2
Check: dependencies in R code
Result: NOTE
Namespaces in Imports field not imported from:
‘SnowballC’ ‘data.table’ ‘e1071’ ‘fastmatch’
All declared Imports should be used.
Flavors: r-devel-linux-x86_64-fedora-clang, r-devel-linux-x86_64-fedora-gcc, r-oldrel-macos-arm64
Version: 1.2.2
Check: for detritus in the temp directory
Result: NOTE
Found the following files/directories:
‘pulse-PKdhtXMmr18n’
Flavors: r-devel-linux-x86_64-fedora-clang, r-devel-linux-x86_64-fedora-gcc