Last updated on 2025-01-19 05:49:11 CET.
Flavor | Version | Tinstall | Tcheck | Ttotal | Status | Flags |
---|---|---|---|---|---|---|
r-devel-linux-x86_64-debian-clang | 0.3-3 | 4.09 | 39.43 | 43.52 | NOTE | |
r-devel-linux-x86_64-debian-gcc | 0.3-3 | 3.16 | 29.86 | 33.02 | NOTE | |
r-devel-linux-x86_64-fedora-clang | 0.3-3 | 72.28 | OK | |||
r-devel-linux-x86_64-fedora-gcc | 0.3-3 | 82.51 | OK | |||
r-devel-windows-x86_64 | 0.3-3 | 5.00 | 79.00 | 84.00 | NOTE | |
r-patched-linux-x86_64 | 0.3-3 | 5.56 | 37.89 | 43.45 | OK | |
r-release-linux-x86_64 | 0.3-3 | 3.79 | 38.42 | 42.21 | OK | |
r-release-macos-arm64 | 0.3-3 | 37.00 | OK | |||
r-release-macos-x86_64 | 0.3-3 | 51.00 | OK | |||
r-release-windows-x86_64 | 0.3-3 | 6.00 | 79.00 | 85.00 | OK | |
r-oldrel-macos-arm64 | 0.3-3 | 34.00 | OK | |||
r-oldrel-macos-x86_64 | 0.3-3 | 50.00 | OK | |||
r-oldrel-windows-x86_64 | 0.3-3 | 5.00 | 77.00 | 82.00 | OK |
Version: 0.3-3
Check: Rd cross-references
Result: NOTE
Found the following Rd file(s) with Rd \link{} targets missing package
anchors:
fxInteractive.Rd: gam, lme
fxInteractive.glm.Rd: gam, print.xtable, xtable
fxInteractive.lm.Rd: print.xtable, xtable
fxInteractive.lme.Rd: lme, predict.lme, print.xtable, xtable
wrapRpSlider.Rd: rp.slider
Please provide package anchors for all Rd \link{} targets not in the
package itself and the base packages.
Flavors: r-devel-linux-x86_64-debian-clang, r-devel-linux-x86_64-debian-gcc, r-devel-windows-x86_64