CRAN Package Check Results for Package LinRegInteractive

Last updated on 2020-06-03 12:49:11 CEST.

Flavor Version Tinstall Tcheck Ttotal Status Flags
r-devel-linux-x86_64-debian-clang 0.3-3 5.04 40.84 45.88 OK
r-devel-linux-x86_64-debian-gcc 0.3-3 4.02 32.88 36.90 OK
r-devel-linux-x86_64-fedora-clang 0.3-3 66.01 OK
r-devel-linux-x86_64-fedora-gcc 0.3-3 56.87 OK
r-devel-windows-ix86+x86_64 0.3-3 12.00 64.00 76.00 OK
r-patched-linux-x86_64 0.3-3 4.95 41.93 46.88 OK
r-patched-solaris-x86 0.3-3 78.60 OK
r-release-linux-x86_64 0.3-3 5.23 41.98 47.21 OK
r-release-osx-x86_64 0.3-3 ERROR
r-release-windows-ix86+x86_64 0.3-3 9.00 64.00 73.00 OK
r-oldrel-osx-x86_64 0.3-3 ERROR
r-oldrel-windows-ix86+x86_64 0.3-3 21.00 57.00 78.00 OK

Check Details

Version: 0.3-3
Check: package dependencies
Result: ERROR
    Package required but not available: ‘rpanel’
    
    See section ‘The DESCRIPTION file’ in the ‘Writing R Extensions’
    manual.
Flavors: r-release-osx-x86_64, r-oldrel-osx-x86_64