Last updated on 2025-01-19 05:49:12 CET.
Flavor | Version | Tinstall | Tcheck | Ttotal | Status | Flags |
---|---|---|---|---|---|---|
r-devel-linux-x86_64-debian-clang | 1.1 | 5.00 | 40.21 | 45.21 | NOTE | |
r-devel-linux-x86_64-debian-gcc | 1.1 | 3.48 | 31.59 | 35.07 | NOTE | |
r-devel-linux-x86_64-fedora-clang | 1.1 | 75.29 | NOTE | |||
r-devel-linux-x86_64-fedora-gcc | 1.1 | 83.17 | NOTE | |||
r-devel-windows-x86_64 | 1.1 | 7.00 | 76.00 | 83.00 | OK | |
r-patched-linux-x86_64 | 1.1 | 5.27 | 38.37 | 43.64 | NOTE | |
r-release-linux-x86_64 | 1.1 | 4.79 | 38.44 | 43.23 | NOTE | |
r-release-macos-arm64 | 1.1 | 32.00 | OK | |||
r-release-macos-x86_64 | 1.1 | 49.00 | OK | |||
r-release-windows-x86_64 | 1.1 | 6.00 | 76.00 | 82.00 | OK | |
r-oldrel-macos-arm64 | 1.1 | 35.00 | OK | |||
r-oldrel-macos-x86_64 | 1.1 | 50.00 | NOTE | |||
r-oldrel-windows-x86_64 | 1.1 | 8.00 | 77.00 | 85.00 | OK |
Version: 1.1
Check: Rd contents
Result: NOTE
Auto-generated content requiring editing in Rd file 'drawAHeatMap.Rd':
\keyword: ‘~kwd1’
\keyword: ‘~kwd2’
Auto-generated content requiring editing in Rd file 'findSigGenes.Rd':
\keyword: ‘~kwd1’
\keyword: ‘~kwd2’
Auto-generated content requiring editing in Rd file 'geneSetDetail.Rd':
\keyword: ‘~kwd1’
\keyword: ‘~kwd2’
Auto-generated content requiring editing in Rd file 'getExampleData.Rd':
\keyword: ‘~kwd1’
\keyword: ‘~kwd2’
Auto-generated content requiring editing in Rd file 'getNet.Rd':
\keyword: ‘~kwd1’
\keyword: ‘~kwd2’
Auto-generated content requiring editing in Rd file 'lncPath.Rd':
\keyword: ‘~kwd1’
\keyword: ‘~kwd2’
Auto-generated content requiring editing in Rd file 'lncPath2Table.Rd':
\keyword: ‘~kwd1’
\keyword: ‘~kwd2’
Auto-generated content requiring editing in Rd file 'plotRunningES.Rd':
\keyword: ‘~kwd1’
\keyword: ‘~kwd2’
Auto-generated content requiring editing in Rd file 'printSignifResult.Rd':
\keyword: ‘~kwd1’
\keyword: ‘~kwd2’
Flavors: r-devel-linux-x86_64-debian-clang, r-devel-linux-x86_64-debian-gcc, r-patched-linux-x86_64, r-release-linux-x86_64
Version: 1.1
Check: for non-standard things in the check directory
Result: NOTE
Found the following files/directories:
‘tTestTable.rda’
Flavors: r-devel-linux-x86_64-debian-clang, r-devel-linux-x86_64-debian-gcc, r-devel-linux-x86_64-fedora-clang, r-devel-linux-x86_64-fedora-gcc, r-patched-linux-x86_64, r-release-linux-x86_64
Version: 1.1
Check: package dependencies
Result: NOTE
Package suggested but not available for checking: ‘graph’
Flavor: r-oldrel-macos-x86_64