CRAN Package Check Results for Package LoBrA

Last updated on 2025-01-19 05:49:12 CET.

Flavor Version Tinstall Tcheck Ttotal Status Flags
r-devel-linux-x86_64-debian-clang 1.0 2.53 57.57 60.10 OK
r-devel-linux-x86_64-debian-gcc 1.0 2.08 39.82 41.90 OK
r-devel-linux-x86_64-fedora-clang 1.0 96.76 NOTE
r-devel-linux-x86_64-fedora-gcc 1.0 106.09 NOTE
r-devel-windows-x86_64 1.0 4.00 79.00 83.00 OK
r-patched-linux-x86_64 1.0 3.38 53.47 56.85 OK
r-release-linux-x86_64 1.0 2.50 54.73 57.23 OK
r-release-macos-arm64 1.0 35.00 OK
r-release-macos-x86_64 1.0 59.00 OK
r-release-windows-x86_64 1.0 4.00 78.00 82.00 OK
r-oldrel-macos-arm64 1.0 38.00 OK
r-oldrel-macos-x86_64 1.0 57.00 OK
r-oldrel-windows-x86_64 1.0 5.00 87.00 92.00 OK

Check Details

Version: 1.0
Check: dependencies in R code
Result: NOTE Namespaces in Imports field not imported from: ‘RColorBrewer’ ‘base’ ‘qpdf’ All declared Imports should be used. Flavors: r-devel-linux-x86_64-fedora-clang, r-devel-linux-x86_64-fedora-gcc