Last updated on 2024-04-21 12:54:01 CEST.
Flavor | Version | Tinstall | Tcheck | Ttotal | Status | Flags |
---|---|---|---|---|---|---|
r-devel-linux-x86_64-debian-clang | 1.6-9 | 24.15 | 106.27 | 130.42 | OK | |
r-devel-linux-x86_64-debian-gcc | 1.6-9 | 20.52 | 76.77 | 97.29 | OK | |
r-devel-linux-x86_64-fedora-clang | 1.6-9 | 161.18 | NOTE | |||
r-devel-linux-x86_64-fedora-gcc | 1.6-9 | 178.22 | OK | |||
r-prerel-macos-arm64 | 1.6-9 | 72.00 | OK | |||
r-prerel-windows-x86_64 | 1.6-9 | 35.00 | 119.00 | 154.00 | OK | |
r-patched-linux-x86_64 | 1.6-9 | 24.09 | 102.13 | 126.22 | OK | |
r-release-linux-x86_64 | 1.6-9 | 24.52 | 92.42 | 116.94 | OK | |
r-release-macos-arm64 | 1.6-9 | 72.00 | OK | |||
r-release-macos-x86_64 | 1.6-9 | 193.00 | OK | |||
r-release-windows-x86_64 | 1.6-9 | 35.00 | 122.00 | 157.00 | OK | |
r-oldrel-macos-arm64 | 1.6-9 | 97.00 | OK | |||
r-oldrel-windows-x86_64 | 1.6-9 | 31.00 | 125.00 | 156.00 | OK |
Version: 1.6-9
Check: Rd cross-references
Result: NOTE
Undeclared package ‘colorspace’ in Rd xrefs
Flavor: r-devel-linux-x86_64-fedora-clang