Last updated on 2025-01-19 05:49:12 CET.
Flavor | Version | Tinstall | Tcheck | Ttotal | Status | Flags |
---|---|---|---|---|---|---|
r-devel-linux-x86_64-debian-clang | 0.1.0 | 34.28 | 50.63 | 84.91 | NOTE | |
r-devel-linux-x86_64-debian-gcc | 0.1.0 | 25.18 | 36.06 | 61.24 | NOTE | |
r-devel-linux-x86_64-fedora-clang | 0.1.0 | 149.18 | OK | |||
r-devel-linux-x86_64-fedora-gcc | 0.1.0 | 151.49 | OK | |||
r-devel-windows-x86_64 | 0.1.0 | 36.00 | 102.00 | 138.00 | NOTE | |
r-patched-linux-x86_64 | 0.1.0 | 37.81 | 46.73 | 84.54 | OK | |
r-release-linux-x86_64 | 0.1.0 | 33.41 | 47.34 | 80.75 | OK | |
r-release-macos-arm64 | 0.1.0 | 38.00 | OK | |||
r-release-macos-x86_64 | 0.1.0 | 59.00 | OK | |||
r-release-windows-x86_64 | 0.1.0 | 37.00 | 98.00 | 135.00 | OK | |
r-oldrel-macos-arm64 | 0.1.0 | 45.00 | OK | |||
r-oldrel-macos-x86_64 | 0.1.0 | 71.00 | OK | |||
r-oldrel-windows-x86_64 | 0.1.0 | 43.00 | 118.00 | 161.00 | OK |
Version: 0.1.0
Check: Rd cross-references
Result: NOTE
Found the following Rd file(s) with Rd \link{} targets missing package
anchors:
partition.X.Rd: partitions
Please provide package anchors for all Rd \link{} targets not in the
package itself and the base packages.
Flavors: r-devel-linux-x86_64-debian-clang, r-devel-linux-x86_64-debian-gcc, r-devel-windows-x86_64