Last updated on 2025-01-19 05:49:12 CET.
Flavor | Version | Tinstall | Tcheck | Ttotal | Status | Flags |
---|---|---|---|---|---|---|
r-devel-linux-x86_64-debian-clang | 1.1.0 | 24.32 | 214.86 | 239.18 | OK | |
r-devel-linux-x86_64-debian-gcc | 1.1.0 | 14.33 | 149.14 | 163.47 | OK | |
r-devel-linux-x86_64-fedora-clang | 1.1.0 | 405.42 | OK | |||
r-devel-linux-x86_64-fedora-gcc | 1.1.0 | 397.15 | OK | |||
r-devel-windows-x86_64 | 1.1.0 | 25.00 | 218.00 | 243.00 | OK | |
r-patched-linux-x86_64 | 1.1.0 | 22.72 | 202.73 | 225.45 | OK | |
r-release-linux-x86_64 | 1.1.0 | 21.45 | 201.88 | 223.33 | OK | |
r-release-macos-arm64 | 1.1.0 | 85.00 | OK | |||
r-release-macos-x86_64 | 1.1.0 | 134.00 | NOTE | |||
r-release-windows-x86_64 | 1.1.0 | 26.00 | 213.00 | 239.00 | OK | |
r-oldrel-macos-arm64 | 1.1.0 | 125.00 | NOTE | |||
r-oldrel-macos-x86_64 | 1.1.0 | 257.00 | OK | |||
r-oldrel-windows-x86_64 | 1.1.0 | 33.00 | 281.00 | 314.00 | OK |
Version: 1.1.0
Check: installed package size
Result: NOTE
installed size is 5.4Mb
sub-directories of 1Mb or more:
data 5.0Mb
Flavors: r-release-macos-x86_64, r-oldrel-macos-arm64