Last updated on 2025-01-19 05:49:12 CET.
Flavor | Version | Tinstall | Tcheck | Ttotal | Status | Flags |
---|---|---|---|---|---|---|
r-devel-linux-x86_64-debian-clang | 0.9.26 | 77.15 | 303.27 | 380.42 | OK | |
r-devel-linux-x86_64-debian-gcc | 0.9.26 | 48.43 | 184.11 | 232.54 | OK | |
r-devel-linux-x86_64-fedora-clang | 0.9.26 | 648.64 | OK | |||
r-devel-linux-x86_64-fedora-gcc | 0.9.26 | 600.45 | OK | |||
r-devel-windows-x86_64 | 0.9.26 | 80.00 | 325.00 | 405.00 | OK | |
r-patched-linux-x86_64 | 0.9.26 | 75.28 | 277.23 | 352.51 | OK | |
r-release-linux-x86_64 | 0.9.26 | 71.07 | 279.07 | 350.14 | OK | |
r-release-macos-arm64 | 0.9.26 | 145.00 | NOTE | |||
r-release-macos-x86_64 | 0.9.26 | 265.00 | NOTE | |||
r-release-windows-x86_64 | 0.9.26 | 79.00 | 322.00 | 401.00 | OK | |
r-oldrel-macos-arm64 | 0.9.26 | 136.00 | NOTE | |||
r-oldrel-macos-x86_64 | 0.9.26 | 261.00 | NOTE | |||
r-oldrel-windows-x86_64 | 0.9.26 | 94.00 | 423.00 | 517.00 | OK |
Version: 0.9.26
Check: installed package size
Result: NOTE
installed size is 6.2Mb
sub-directories of 1Mb or more:
R 2.0Mb
libs 2.0Mb
Flavors: r-release-macos-arm64, r-release-macos-x86_64, r-oldrel-macos-arm64, r-oldrel-macos-x86_64