Last updated on 2025-02-08 20:48:26 CET.
Flavor | Version | Tinstall | Tcheck | Ttotal | Status | Flags |
---|---|---|---|---|---|---|
r-devel-linux-x86_64-debian-clang | 0.4.47 | 17.62 | 85.34 | 102.96 | OK | |
r-devel-linux-x86_64-debian-gcc | 0.4.47 | 13.06 | 61.17 | 74.23 | OK | |
r-devel-linux-x86_64-fedora-clang | 0.4.47 | 170.86 | OK | |||
r-devel-linux-x86_64-fedora-gcc | 0.4.47 | 173.23 | OK | |||
r-devel-windows-x86_64 | 0.4.47 | 20.00 | 113.00 | 133.00 | OK | |
r-patched-linux-x86_64 | 0.4.47 | 17.80 | 79.87 | 97.67 | OK | |
r-release-linux-x86_64 | 0.4.47 | 16.44 | 79.22 | 95.66 | OK | |
r-release-macos-arm64 | 0.4.47 | 62.00 | NOTE | |||
r-release-macos-x86_64 | 0.4.47 | 135.00 | NOTE | |||
r-release-windows-x86_64 | 0.4.47 | 20.00 | 109.00 | 129.00 | OK | |
r-oldrel-macos-arm64 | 0.4.47 | 65.00 | NOTE | |||
r-oldrel-macos-x86_64 | 0.4.47 | 100.00 | NOTE | |||
r-oldrel-windows-x86_64 | 0.4.47 | 24.00 | 134.00 | 158.00 | OK |
Version: 0.4.47
Check: installed package size
Result: NOTE
installed size is 5.1Mb
sub-directories of 1Mb or more:
data 3.3Mb
extdata 1.3Mb
Flavors: r-release-macos-arm64, r-release-macos-x86_64, r-oldrel-macos-arm64, r-oldrel-macos-x86_64