CRAN Package Check Results for Package MAd

Last updated on 2020-07-12 12:47:36 CEST.

Flavor Version Tinstall Tcheck Ttotal Status Flags
r-devel-linux-x86_64-debian-clang 0.8-2.1 5.53 46.33 51.86 NOTE
r-devel-linux-x86_64-debian-gcc 0.8-2.1 5.06 35.50 40.56 NOTE
r-devel-linux-x86_64-fedora-clang 0.8-2.1 74.28 NOTE
r-devel-linux-x86_64-fedora-gcc 0.8-2.1 63.06 NOTE
r-devel-windows-ix86+x86_64 0.8-2.1 13.00 66.00 79.00 NOTE
r-patched-linux-x86_64 0.8-2.1 6.18 46.25 52.43 NOTE
r-patched-solaris-x86 0.8-2.1 83.20 NOTE
r-release-linux-x86_64 0.8-2.1 6.17 46.35 52.52 NOTE
r-release-macos-x86_64 0.8-2.1 NOTE
r-release-windows-ix86+x86_64 0.8-2.1 13.00 81.00 94.00 NOTE
r-oldrel-macos-x86_64 0.8-2.1 NOTE
r-oldrel-windows-ix86+x86_64 0.8-2.1 20.00 51.00 71.00 NOTE

Check Details

Version: 0.8-2.1
Check: package dependencies
Result: NOTE
    Package suggested but not available for checking: 'R2wd'
Flavors: r-devel-linux-x86_64-debian-clang, r-devel-linux-x86_64-debian-gcc, r-devel-linux-x86_64-fedora-clang, r-devel-linux-x86_64-fedora-gcc, r-patched-linux-x86_64, r-patched-solaris-x86, r-release-linux-x86_64, r-release-macos-x86_64, r-oldrel-macos-x86_64

Version: 0.8-2.1
Check: dependencies in R code
Result: NOTE
    'library' or 'require' calls in package code:
     'R2wd' 'ggplot2' 'metafor'
     Please use :: or requireNamespace() instead.
     See section 'Suggested packages' in the 'Writing R Extensions' manual.
Flavors: r-devel-linux-x86_64-debian-clang, r-devel-linux-x86_64-debian-gcc, r-devel-linux-x86_64-fedora-clang, r-devel-linux-x86_64-fedora-gcc, r-devel-windows-ix86+x86_64, r-patched-linux-x86_64, r-patched-solaris-x86, r-release-linux-x86_64, r-release-macos-x86_64, r-release-windows-ix86+x86_64, r-oldrel-macos-x86_64, r-oldrel-windows-ix86+x86_64