CRAN Package Check Results for Package MAd

Last updated on 2019-12-13 12:49:34 CET.

Flavor Version Tinstall Tcheck Ttotal Status Flags
r-devel-linux-x86_64-debian-clang 0.8-2.1 6.60 45.82 52.42 NOTE
r-devel-linux-x86_64-debian-gcc 0.8-2.1 5.19 35.43 40.62 NOTE
r-devel-linux-x86_64-fedora-clang 0.8-2.1 62.83 NOTE
r-devel-linux-x86_64-fedora-gcc 0.8-2.1 60.09 NOTE
r-devel-windows-ix86+x86_64 0.8-2.1 10.00 54.00 64.00 NOTE
r-devel-windows-ix86+x86_64-gcc8 0.8-2.1 11.00 81.00 92.00 NOTE
r-patched-linux-x86_64 0.8-2.1 5.47 42.14 47.61 NOTE
r-patched-solaris-x86 0.8-2.1 77.40 NOTE
r-release-linux-x86_64 0.8-2.1 5.48 41.75 47.23 NOTE
r-release-windows-ix86+x86_64 0.8-2.1 10.00 54.00 64.00 NOTE
r-release-osx-x86_64 0.8-2.1 NOTE
r-oldrel-windows-ix86+x86_64 0.8-2.1 6.00 52.00 58.00 NOTE
r-oldrel-osx-x86_64 0.8-2.1 NOTE

Check Details

Version: 0.8-2.1
Check: package dependencies
Result: NOTE
    Package suggested but not available for checking: 'R2wd'
Flavors: r-devel-linux-x86_64-debian-clang, r-devel-linux-x86_64-debian-gcc, r-devel-linux-x86_64-fedora-clang, r-devel-linux-x86_64-fedora-gcc, r-patched-linux-x86_64, r-patched-solaris-x86, r-release-linux-x86_64, r-release-osx-x86_64, r-oldrel-osx-x86_64

Version: 0.8-2.1
Check: dependencies in R code
Result: NOTE
    'library' or 'require' calls in package code:
     'R2wd' 'ggplot2' 'metafor'
     Please use :: or requireNamespace() instead.
     See section 'Suggested packages' in the 'Writing R Extensions' manual.
Flavors: r-devel-linux-x86_64-debian-clang, r-devel-linux-x86_64-debian-gcc, r-devel-linux-x86_64-fedora-clang, r-devel-linux-x86_64-fedora-gcc, r-devel-windows-ix86+x86_64, r-devel-windows-ix86+x86_64-gcc8, r-patched-linux-x86_64, r-patched-solaris-x86, r-release-linux-x86_64, r-release-windows-ix86+x86_64, r-release-osx-x86_64, r-oldrel-windows-ix86+x86_64, r-oldrel-osx-x86_64