Last updated on 2025-01-19 05:49:12 CET.
Flavor | Version | Tinstall | Tcheck | Ttotal | Status | Flags |
---|---|---|---|---|---|---|
r-devel-linux-x86_64-debian-clang | 1.2.2 | 6.01 | 272.89 | 278.90 | OK | |
r-devel-linux-x86_64-debian-gcc | 1.2.2 | 5.14 | 181.99 | 187.13 | OK | |
r-devel-linux-x86_64-fedora-clang | 1.2.2 | 473.15 | OK | |||
r-devel-linux-x86_64-fedora-gcc | 1.2.2 | 492.97 | OK | |||
r-devel-windows-x86_64 | 1.2.2 | 9.00 | 358.00 | 367.00 | OK | |
r-patched-linux-x86_64 | 1.2.2 | 7.08 | 259.10 | 266.18 | OK | |
r-release-linux-x86_64 | 1.2.2 | 6.90 | 259.56 | 266.46 | OK | |
r-release-macos-arm64 | 1.2.2 | 111.00 | NOTE | |||
r-release-macos-x86_64 | 1.2.2 | 235.00 | NOTE | |||
r-release-windows-x86_64 | 1.2.2 | 8.00 | 377.00 | 385.00 | NOTE | |
r-oldrel-macos-arm64 | 1.2.2 | 123.00 | NOTE | |||
r-oldrel-macos-x86_64 | 1.2.2 | 167.00 | NOTE | |||
r-oldrel-windows-x86_64 | 1.2.2 | 9.00 | 446.00 | 455.00 | NOTE |
Version: 1.2.2
Check: installed package size
Result: NOTE
installed size is 5.3Mb
sub-directories of 1Mb or more:
data 1.2Mb
doc 3.5Mb
Flavors: r-release-macos-arm64, r-release-macos-x86_64, r-release-windows-x86_64, r-oldrel-macos-arm64, r-oldrel-macos-x86_64, r-oldrel-windows-x86_64
Version: 1.2.2
Check: package dependencies
Result: NOTE
Package suggested but not available for checking: ‘DescTools’
Flavor: r-oldrel-macos-x86_64