CRAN Package Check Results for Package MBHdesign

Last updated on 2020-07-14 12:48:24 CEST.

Flavor Version Tinstall Tcheck Ttotal Status Flags
r-devel-linux-x86_64-debian-clang 2.1.6 7.77 114.61 122.38 OK
r-devel-linux-x86_64-debian-gcc 2.1.6 7.92 88.72 96.64 OK
r-devel-linux-x86_64-fedora-clang 2.1.6 155.61 OK
r-devel-linux-x86_64-fedora-gcc 2.1.6 157.60 OK
r-devel-windows-ix86+x86_64 2.1.6 25.00 679.00 704.00 OK
r-patched-linux-x86_64 2.1.6 8.07 115.28 123.35 OK
r-patched-solaris-x86 2.1.6 945.60 OK
r-release-linux-x86_64 2.1.6 8.29 113.31 121.60 OK
r-release-macos-x86_64 2.1.6 ERROR
r-release-windows-ix86+x86_64 2.1.6 23.00 671.00 694.00 OK
r-oldrel-macos-x86_64 2.1.6 OK
r-oldrel-windows-ix86+x86_64 2.1.6 20.00 639.00 659.00 OK

Check Details

Version: 2.1.6
Check: whether package can be installed
Result: ERROR
    Installation failed.
Flavor: r-release-macos-x86_64