CRAN Package Check Results for Package MBmca

Last updated on 2025-01-19 05:49:14 CET.

Flavor Version Tinstall Tcheck Ttotal Status Flags
r-devel-linux-x86_64-debian-clang 1.0.1-3 10.73 93.04 103.77 NOTE
r-devel-linux-x86_64-debian-gcc 1.0.1-3 6.70 67.44 74.14 NOTE
r-devel-linux-x86_64-fedora-clang 1.0.1-3 173.05 OK
r-devel-linux-x86_64-fedora-gcc 1.0.1-3 170.18 OK
r-devel-windows-x86_64 1.0.1-3 12.00 113.00 125.00 NOTE
r-patched-linux-x86_64 1.0.1-3 12.11 87.14 99.25 OK
r-release-linux-x86_64 1.0.1-3 8.40 85.64 94.04 OK
r-release-macos-arm64 1.0.1-3 50.00 OK
r-release-macos-x86_64 1.0.1-3 128.00 OK
r-release-windows-x86_64 1.0.1-3 10.00 113.00 123.00 OK
r-oldrel-macos-arm64 1.0.1-3 57.00 OK
r-oldrel-macos-x86_64 1.0.1-3 90.00 OK
r-oldrel-windows-x86_64 1.0.1-3 14.00 132.00 146.00 OK

Check Details

Version: 1.0.1-3
Check: Rd cross-references
Result: NOTE Found the following Rd file(s) with Rd \link{} targets missing package anchors: mcaSmoother.Rd: lmrob Please provide package anchors for all Rd \link{} targets not in the package itself and the base packages. Flavors: r-devel-linux-x86_64-debian-clang, r-devel-linux-x86_64-debian-gcc, r-devel-windows-x86_64