CRAN Package Check Results for Package MCMCpack

Last updated on 2020-03-31 12:47:09 CEST.

Flavor Version Tinstall Tcheck Ttotal Status Flags
r-devel-linux-x86_64-debian-clang 1.4-6 533.10 118.11 651.21 OK
r-devel-linux-x86_64-debian-gcc 1.4-6 318.81 90.76 409.57 OK
r-devel-linux-x86_64-fedora-clang 1.4-6 967.97 NOTE
r-devel-linux-x86_64-fedora-gcc 1.4-6 714.15 OK
r-devel-windows-ix86+x86_64 1.4-6 559.00 181.00 740.00 NOTE
r-devel-windows-ix86+x86_64-gcc8 1.4-6 585.00 177.00 762.00 NOTE
r-patched-linux-x86_64 1.4-6 306.29 114.33 420.62 OK
r-patched-solaris-x86 1.4-6 1074.80 NOTE
r-release-linux-x86_64 1.4-6 290.63 101.99 392.62 OK
r-release-windows-ix86+x86_64 1.4-6 783.00 231.00 1014.00 NOTE
r-release-osx-x86_64 1.4-6 NOTE
r-oldrel-windows-ix86+x86_64 1.4-4 611.00 167.00 778.00 NOTE
r-oldrel-osx-x86_64 1.4-6 ERROR

Check Details

Version: 1.4-6
Check: installed package size
Result: NOTE
     installed size is 52.1Mb
     sub-directories of 1Mb or more:
     libs 51.1Mb
Flavors: r-devel-linux-x86_64-fedora-clang, r-devel-windows-ix86+x86_64, r-devel-windows-ix86+x86_64-gcc8, r-patched-solaris-x86, r-release-windows-ix86+x86_64, r-release-osx-x86_64

Version: 1.4-4
Check: installed package size
Result: NOTE
     installed size is 7.0Mb
     sub-directories of 1Mb or more:
     libs 5.9Mb
Flavor: r-oldrel-windows-ix86+x86_64

Version: 1.4-6
Check: whether package can be installed
Result: ERROR
    Installation failed.
Flavor: r-oldrel-osx-x86_64