Last updated on 2025-01-19 05:49:14 CET.
Flavor | Version | Tinstall | Tcheck | Ttotal | Status | Flags |
---|---|---|---|---|---|---|
r-devel-linux-x86_64-debian-clang | 0.4.0 | 73.27 | 62.31 | 135.58 | NOTE | |
r-devel-linux-x86_64-debian-gcc | 0.4.0 | 57.87 | 48.89 | 106.76 | NOTE | |
r-devel-linux-x86_64-fedora-clang | 0.4.0 | 233.51 | NOTE | |||
r-devel-linux-x86_64-fedora-gcc | 0.4.0 | 271.01 | NOTE | |||
r-devel-windows-x86_64 | 0.4.0 | 70.00 | 98.00 | 168.00 | NOTE | |
r-patched-linux-x86_64 | 0.4.0 | 80.80 | 61.90 | 142.70 | NOTE | |
r-release-linux-x86_64 | 0.4.0 | 78.91 | 61.46 | 140.37 | NOTE | |
r-release-macos-arm64 | 0.4.0 | 65.00 | NOTE | |||
r-release-macos-x86_64 | 0.4.0 | 82.00 | NOTE | |||
r-release-windows-x86_64 | 0.4.0 | 71.00 | 93.00 | 164.00 | NOTE | |
r-oldrel-macos-arm64 | 0.4.0 | 81.00 | NOTE | |||
r-oldrel-macos-x86_64 | 0.4.0 | 123.00 | NOTE | |||
r-oldrel-windows-x86_64 | 0.4.0 | 82.00 | 122.00 | 204.00 | NOTE |
Version: 0.4.0
Check: C++ specification
Result: NOTE
Specified C++11: please drop specification unless essential
Flavors: r-devel-linux-x86_64-debian-clang, r-devel-linux-x86_64-debian-gcc, r-devel-linux-x86_64-fedora-clang, r-devel-linux-x86_64-fedora-gcc, r-devel-windows-x86_64, r-patched-linux-x86_64, r-release-linux-x86_64, r-release-macos-arm64, r-release-macos-x86_64, r-release-windows-x86_64, r-oldrel-macos-arm64, r-oldrel-macos-x86_64, r-oldrel-windows-x86_64
Version: 0.4.0
Check: LazyData
Result: NOTE
'LazyData' is specified without a 'data' directory
Flavors: r-patched-linux-x86_64, r-release-linux-x86_64, r-release-macos-arm64, r-release-macos-x86_64, r-release-windows-x86_64, r-oldrel-macos-arm64, r-oldrel-macos-x86_64, r-oldrel-windows-x86_64
Version: 0.4.0
Check: installed package size
Result: NOTE
installed size is 19.6Mb
sub-directories of 1Mb or more:
libs 19.1Mb
Flavors: r-release-macos-arm64, r-release-macos-x86_64, r-oldrel-macos-arm64, r-oldrel-macos-x86_64