Last updated on 2025-01-19 05:49:14 CET.
Flavor | Version | Tinstall | Tcheck | Ttotal | Status | Flags |
---|---|---|---|---|---|---|
r-devel-linux-x86_64-debian-clang | 1.3.7 | 29.99 | 161.82 | 191.81 | NOTE | |
r-devel-linux-x86_64-debian-gcc | 1.3.7 | 21.56 | 111.03 | 132.59 | NOTE | |
r-devel-linux-x86_64-fedora-clang | 1.3.7 | 317.99 | NOTE | |||
r-devel-linux-x86_64-fedora-gcc | 1.3.7 | 318.89 | NOTE | |||
r-devel-windows-x86_64 | 1.3.7 | 31.00 | 216.00 | 247.00 | OK | |
r-patched-linux-x86_64 | 1.3.7 | 31.28 | 151.09 | 182.37 | NOTE | |
r-release-linux-x86_64 | 1.3.7 | 31.60 | 150.72 | 182.32 | NOTE | |
r-release-macos-arm64 | 1.3.7 | 109.00 | OK | |||
r-release-macos-x86_64 | 1.3.7 | 227.00 | OK | |||
r-release-windows-x86_64 | 1.3.7 | 31.00 | 210.00 | 241.00 | OK | |
r-oldrel-macos-arm64 | 1.3.7 | 124.00 | OK | |||
r-oldrel-macos-x86_64 | 1.3.7 | 187.00 | OK | |||
r-oldrel-windows-x86_64 | 1.3.7 | 44.00 | 289.00 | 333.00 | OK |
Version: 1.3.7
Check: for non-standard things in the check directory
Result: NOTE
Found the following files/directories:
‘Data_Correlation.txt’ ‘correlation_FDR_table.txt’
Flavors: r-devel-linux-x86_64-debian-clang, r-devel-linux-x86_64-debian-gcc, r-devel-linux-x86_64-fedora-clang, r-devel-linux-x86_64-fedora-gcc, r-patched-linux-x86_64, r-release-linux-x86_64