CRAN Package Check Results for Package MEMSS

Last updated on 2025-01-19 05:49:14 CET.

Flavor Version Tinstall Tcheck Ttotal Status Flags
r-devel-linux-x86_64-debian-clang 0.9-3 6.33 39.45 45.78 NOTE
r-devel-linux-x86_64-debian-gcc 0.9-3 4.39 28.61 33.00 NOTE
r-devel-linux-x86_64-fedora-clang 0.9-3 75.01 NOTE
r-devel-linux-x86_64-fedora-gcc 0.9-3 68.16 NOTE
r-devel-windows-x86_64 0.9-3 8.00 72.00 80.00 NOTE
r-patched-linux-x86_64 0.9-3 6.86 36.13 42.99 NOTE
r-release-linux-x86_64 0.9-3 5.80 36.57 42.37 NOTE
r-release-macos-arm64 0.9-3 26.00 NOTE
r-release-macos-x86_64 0.9-3 51.00 NOTE
r-release-windows-x86_64 0.9-3 6.00 69.00 75.00 NOTE
r-oldrel-macos-arm64 0.9-3 27.00 NOTE
r-oldrel-macos-x86_64 0.9-3 42.00 NOTE
r-oldrel-windows-x86_64 0.9-3 9.00 85.00 94.00 NOTE

Check Details

Version: 0.9-3
Check: Rd files
Result: NOTE checkRd: (-1) Soybean.Rd:15: Escaped LaTeX specials: \# checkRd: (-1) Soybean.Rd:33: Escaped LaTeX specials: \# Flavors: r-devel-linux-x86_64-debian-clang, r-devel-linux-x86_64-debian-gcc, r-devel-linux-x86_64-fedora-clang, r-devel-linux-x86_64-fedora-gcc, r-devel-windows-x86_64, r-patched-linux-x86_64, r-release-linux-x86_64, r-release-macos-arm64, r-release-macos-x86_64, r-release-windows-x86_64, r-oldrel-macos-arm64, r-oldrel-macos-x86_64, r-oldrel-windows-x86_64