Last updated on 2024-05-01 16:53:01 CEST.
Flavor | Version | Tinstall | Tcheck | Ttotal | Status | Flags |
---|---|---|---|---|---|---|
r-devel-linux-x86_64-debian-clang | 0.9-3 | 7.90 | 49.69 | 57.59 | NOTE | |
r-devel-linux-x86_64-debian-gcc | 0.9-3 | 5.14 | 37.00 | 42.14 | NOTE | |
r-devel-linux-x86_64-fedora-clang | 0.9-3 | 70.42 | NOTE | |||
r-devel-linux-x86_64-fedora-gcc | 0.9-3 | 68.23 | NOTE | |||
r-devel-windows-x86_64 | 0.9-3 | 7.00 | 78.00 | 85.00 | NOTE | |
r-patched-linux-x86_64 | 0.9-3 | 5.10 | 47.44 | 52.54 | NOTE | |
r-release-linux-x86_64 | 0.9-3 | 4.26 | 45.83 | 50.09 | NOTE | |
r-release-macos-arm64 | 0.9-3 | 26.00 | NOTE | |||
r-release-windows-x86_64 | 0.9-3 | 7.00 | 69.00 | 76.00 | NOTE | |
r-oldrel-macos-arm64 | 0.9-3 | 27.00 | NOTE | |||
r-oldrel-macos-x86_64 | 0.9-3 | 42.00 | NOTE | |||
r-oldrel-windows-x86_64 | 0.9-3 | 9.00 | 82.00 | 91.00 | NOTE |
Version: 0.9-3
Check: Rd files
Result: NOTE
checkRd: (-1) Soybean.Rd:15: Escaped LaTeX specials: \#
checkRd: (-1) Soybean.Rd:33: Escaped LaTeX specials: \#
Flavors: r-devel-linux-x86_64-debian-clang, r-devel-linux-x86_64-debian-gcc, r-devel-linux-x86_64-fedora-clang, r-devel-linux-x86_64-fedora-gcc, r-devel-windows-x86_64, r-patched-linux-x86_64, r-release-linux-x86_64, r-release-macos-arm64, r-release-windows-x86_64, r-oldrel-macos-arm64, r-oldrel-macos-x86_64, r-oldrel-windows-x86_64