CRAN Package Check Results for Package MEPDF

Last updated on 2025-01-19 05:49:14 CET.

Flavor Version Tinstall Tcheck Ttotal Status Flags
r-devel-linux-x86_64-debian-clang 3.0 2.64 23.91 26.55 OK
r-devel-linux-x86_64-debian-gcc 3.0 1.96 19.17 21.13 OK
r-devel-linux-x86_64-fedora-clang 3.0 43.68 OK
r-devel-linux-x86_64-fedora-gcc 3.0 40.59 OK
r-devel-windows-x86_64 3.0 4.00 45.00 49.00 OK
r-patched-linux-x86_64 3.0 2.51 22.95 25.46 NOTE
r-release-linux-x86_64 3.0 2.32 22.93 25.25 NOTE
r-release-macos-arm64 3.0 16.00 NOTE
r-release-macos-x86_64 3.0 24.00 NOTE
r-release-windows-x86_64 3.0 5.00 47.00 52.00 NOTE
r-oldrel-macos-arm64 3.0 17.00 NOTE
r-oldrel-macos-x86_64 3.0 24.00 NOTE
r-oldrel-windows-x86_64 3.0 3.00 47.00 50.00 NOTE

Check Details

Version: 3.0
Check: LazyData
Result: NOTE 'LazyData' is specified without a 'data' directory Flavors: r-patched-linux-x86_64, r-release-linux-x86_64, r-release-macos-arm64, r-release-macos-x86_64, r-release-windows-x86_64, r-oldrel-macos-arm64, r-oldrel-macos-x86_64, r-oldrel-windows-x86_64