CRAN Package Check Results for Package MFDFA

Last updated on 2025-01-19 05:49:14 CET.

Flavor Version Tinstall Tcheck Ttotal Status Flags
r-devel-linux-x86_64-debian-clang 1.1 1.81 28.89 30.70 OK
r-devel-linux-x86_64-debian-gcc 1.1 1.45 21.12 22.57 OK
r-devel-linux-x86_64-fedora-clang 1.1 51.78 OK
r-devel-linux-x86_64-fedora-gcc 1.1 47.89 OK
r-devel-windows-x86_64 1.1 4.00 50.00 54.00 OK
r-patched-linux-x86_64 1.1 1.83 27.58 29.41 NOTE
r-release-linux-x86_64 1.1 1.88 27.54 29.42 NOTE
r-release-macos-arm64 1.1 17.00 NOTE
r-release-macos-x86_64 1.1 26.00 NOTE
r-release-windows-x86_64 1.1 3.00 50.00 53.00 NOTE
r-oldrel-macos-arm64 1.1 20.00 NOTE
r-oldrel-macos-x86_64 1.1 30.00 NOTE
r-oldrel-windows-x86_64 1.1 3.00 52.00 55.00 NOTE

Check Details

Version: 1.1
Check: LazyData
Result: NOTE 'LazyData' is specified without a 'data' directory Flavors: r-patched-linux-x86_64, r-release-linux-x86_64, r-release-macos-arm64, r-release-macos-x86_64, r-release-windows-x86_64, r-oldrel-macos-arm64, r-oldrel-macos-x86_64, r-oldrel-windows-x86_64