CRAN Package Check Results for Package MGDrivE

Last updated on 2025-01-19 05:49:14 CET.

Flavor Version Tinstall Tcheck Ttotal Status Flags
r-devel-linux-x86_64-debian-clang 1.6.0 48.68 247.18 295.86 NOTE
r-devel-linux-x86_64-debian-gcc 1.6.0 30.69 151.61 182.30 NOTE
r-devel-linux-x86_64-fedora-clang 1.6.0 512.42 NOTE
r-devel-linux-x86_64-fedora-gcc 1.6.0 511.18 NOTE
r-devel-windows-x86_64 1.6.0 47.00 289.00 336.00 NOTE
r-patched-linux-x86_64 1.6.0 52.95 233.76 286.71 NOTE
r-release-linux-x86_64 1.6.0 43.25 236.31 279.56 NOTE
r-release-macos-arm64 1.6.0 109.00 NOTE
r-release-macos-x86_64 1.6.0 197.00 NOTE
r-release-windows-x86_64 1.6.0 47.00 276.00 323.00 NOTE
r-oldrel-macos-arm64 1.6.0 137.00 OK
r-oldrel-macos-x86_64 1.6.0 245.00 OK
r-oldrel-windows-x86_64 1.6.0 56.00 368.00 424.00 OK

Check Details

Version: 1.6.0
Check: Rd files
Result: NOTE checkRd: (-1) calcQuantiles.Rd:52: Lost braces; missing escapes or markup? 52 | {M/F}\emph{Mean}(patchNum).csv and {M/F}\emph{Quantile}(quantNum)_(patchNum).csv. | ^ checkRd: (-1) calcQuantiles.Rd:52: Lost braces; missing escapes or markup? 52 | {M/F}\emph{Mean}(patchNum).csv and {M/F}\emph{Quantile}(quantNum)_(patchNum).csv. | ^ Flavors: r-devel-linux-x86_64-debian-clang, r-devel-linux-x86_64-debian-gcc, r-devel-linux-x86_64-fedora-clang, r-devel-linux-x86_64-fedora-gcc, r-devel-windows-x86_64, r-patched-linux-x86_64, r-release-linux-x86_64, r-release-macos-arm64, r-release-macos-x86_64, r-release-windows-x86_64

Version: 1.6.0
Check: Rd cross-references
Result: NOTE Found the following Rd file(s) with Rd \link{} targets missing package anchors: Network.Rd: R6Class Patch.Rd: R6Class Please provide package anchors for all Rd \link{} targets not in the package itself and the base packages. Flavors: r-devel-linux-x86_64-debian-clang, r-devel-linux-x86_64-debian-gcc, r-devel-windows-x86_64