CRAN Package Check Results for Package MHTdiscrete

Last updated on 2025-01-19 05:49:14 CET.

Flavor Version Tinstall Tcheck Ttotal Status Flags
r-devel-linux-x86_64-debian-clang 1.0.1 2.10 21.19 23.29 OK
r-devel-linux-x86_64-debian-gcc 1.0.1 1.73 17.40 19.13 OK
r-devel-linux-x86_64-fedora-clang 1.0.1 38.13 OK
r-devel-linux-x86_64-fedora-gcc 1.0.1 36.16 OK
r-devel-windows-x86_64 1.0.1 3.00 55.00 58.00 OK
r-patched-linux-x86_64 1.0.1 2.68 20.25 22.93 NOTE
r-release-linux-x86_64 1.0.1 1.98 20.34 22.32 NOTE
r-release-macos-arm64 1.0.1 15.00 NOTE
r-release-macos-x86_64 1.0.1 30.00 NOTE
r-release-windows-x86_64 1.0.1 3.00 46.00 49.00 NOTE
r-oldrel-macos-arm64 1.0.1 16.00 NOTE
r-oldrel-macos-x86_64 1.0.1 24.00 NOTE
r-oldrel-windows-x86_64 1.0.1 4.00 45.00 49.00 NOTE

Check Details

Version: 1.0.1
Check: LazyData
Result: NOTE 'LazyData' is specified without a 'data' directory Flavors: r-patched-linux-x86_64, r-release-linux-x86_64, r-release-macos-arm64, r-release-macos-x86_64, r-release-windows-x86_64, r-oldrel-macos-arm64, r-oldrel-macos-x86_64, r-oldrel-windows-x86_64